{"id":699,"date":"2024-01-19T08:13:08","date_gmt":"2024-01-19T08:13:08","guid":{"rendered":"http:\/\/localhost:8888\/flen-wp\/?page_id=699"},"modified":"2025-02-20T10:37:00","modified_gmt":"2025-02-20T09:37:00","slug":"agence","status":"publish","type":"page","link":"https:\/\/3r-prev.com\/tro25\/agence\/","title":{"rendered":"Agence"},"content":{"rendered":"\t\t<div data-elementor-type=\"wp-page\" data-elementor-id=\"699\" class=\"elementor elementor-699\">\n\t\t\t\t<div class=\"elementor-element elementor-element-f06c651 e-con-full e-flex e-con e-parent\" data-id=\"f06c651\" data-element_type=\"container\">\n\t\t\t\t<div class=\"elementor-element elementor-element-1749925 elementor-widget elementor-widget-page_header\" data-id=\"1749925\" data-element_type=\"widget\" data-widget_type=\"page_header.default\">\n\t\t\t\t<div class=\"elementor-widget-container\">\n\t\t\t\t\t\n<div class=\"page-caption\">\n\t        <canvas class=\"scene scene--full\" id=\"scene\"><\/canvas>\n\t        <div class=\"spacer-300 spacer-md-200\"><\/div>\n        <div class=\"container\">\n\t\t\t            <h2 class=\"title text-anime\">Troisi\u00e8me Rive<\/h2>\n\t\t\t\t\t\t\t\t\t\t\t<div class=\"spacer-30 spacer-sm-15\"><\/div>\n\t\t\t\t<h6 class=\"text-anime sub-caption\"><\/h6>\n\t\t\t\t        <\/div>\n    <\/div>\n\n\t\t\t\t<\/div>\n\t\t\t\t<\/div>\n\t\t\t\t<\/div>\n\t\t<div class=\"elementor-element elementor-element-cc651b9 e-con-full e-flex e-con e-parent\" data-id=\"cc651b9\" data-element_type=\"container\">\n\t\t\t\t<div class=\"elementor-element elementor-element-5b9c401e elementor-widget elementor-widget-about_flen_3\" data-id=\"5b9c401e\" data-element_type=\"widget\" data-widget_type=\"about_flen_3.default\">\n\t\t\t\t<div class=\"elementor-widget-container\">\n\t\t\t\t\t\n\n<div class=\"spacer-150 spacer-md-90 spacer-sm-60\"><\/div>\n<div class=\"about-flen-three\" id=\"content-3\">\n            <div class=\"row\">\n                <div class=\"col-xl-5 col-lg-5 col-md-11 left-area\">\n                    <h6 class=\"text-anime\">Nous sommes une agence de communication digitale ind\u00e9pendante sp\u00e9cialis\u00e9e dans le march\u00e9 de l\u2019art. <\/h6>\n                    <!-- Number -->\n                    <div class=\"spacer-60 spacer-md-30\"><\/div>\n                    <div class=\"row about-number\">\n                        <div class=\"col-3 counter fade-up-anime\">\n                            <div class=\"count-number\">12<\/div>\n                            <div class=\"right-side\">\n                                <div class=\"plus\"><span>+<\/span><\/div>\n                            <\/div>\n                        <\/div>\n                        <div class=\"col\">\n                            <p class=\"little text-anime\"> ann\u00e9es d\u2019expertise et de passion en collaboration avec les institutions. <\/p>\n                        <\/div>\n                        <div class=\"spacer-60 spacer-md-30\"><\/div>\n                        <hr>\n                    <\/div>\n                <\/div>\n\n                <div class=\"col-xl-5 col-lg-5 col-md-10 col-10 offset-1 offset-md-1 offset-lg-2 offset-xl-2\">\n                    <p class=\"text-anime right-area\">Nous concevons des campagnes de communication cr\u00e9atives pour susciter de l\u2019int\u00e9r\u00eat et de l\u2019\u00e9motion. Nous cultivons le sens du d\u00e9tails en apportant un soin particulier \u00e0 l\u2019esth\u00e9tisme et \u00e0 la m\u00e9diation. Nos domaines de pr\u00e9dilection sont le web, les r\u00e9seaux sociaux et la vid\u00e9o. <\/p>\n                    <div class=\"spacer-90 spacer-md-60\"><\/div>\n                    <div class=\"client-slider swiper clip-animation from-down\">\n                        <div class=\"swiper-wrapper\">\n                          <!-- Slides -->\n\t\t\t\t\t\t                            <div class=\"swiper-slide\"><img decoding=\"async\" src=\"https:\/\/wp-flen.tavonline.co\/light\/wp-content\/uploads\/sites\/4\/2024\/02\/logo-1-b.png\" alt=\"\"><\/div>\n\t\t\t\t\t\t                            <div class=\"swiper-slide\"><img decoding=\"async\" src=\"https:\/\/wp-flen.tavonline.co\/light\/wp-content\/uploads\/sites\/4\/2024\/02\/logo-6-b.png\" alt=\"\"><\/div>\n\t\t\t\t\t\t                            <div class=\"swiper-slide\"><img decoding=\"async\" src=\"https:\/\/wp-flen.tavonline.co\/light\/wp-content\/uploads\/sites\/4\/2024\/02\/logo-5-b.png\" alt=\"\"><\/div>\n\t\t\t\t\t\t                            <div class=\"swiper-slide\"><img decoding=\"async\" src=\"https:\/\/wp-flen.tavonline.co\/light\/wp-content\/uploads\/sites\/4\/2024\/02\/logo-4-b.png\" alt=\"\"><\/div>\n\t\t\t\t\t\t                            <div class=\"swiper-slide\"><img decoding=\"async\" src=\"https:\/\/wp-flen.tavonline.co\/light\/wp-content\/uploads\/sites\/4\/2024\/02\/logo-3-b.png\" alt=\"\"><\/div>\n\t\t\t\t\t\t                          <\/div>\n                      <\/div>\n                <\/div>\n            <\/div>\n            <div class=\"spacer-150 spacer-md-60 spacer-sm-60\"><\/div>\n              <!-- Video -->\n            <div class=\"about-video\">\n                <div class=\"video-wrapper video-anime\">\n                    <video playsinline loop=\"\" muted=\"\" >\n                        <source src=\"https:\/\/3r-prev.com\/tro25\/wp-content\/uploads\/2025\/02\/Site-web.mp4\" type=\"video\/mp4\">\n                    <\/video>\n                <\/div>\n            <\/div>\n    <\/div>\n\n\n\n\n\t\t\t\t<\/div>\n\t\t\t\t<\/div>\n\t\t\t\t<\/div>\n\t\t<div class=\"elementor-element elementor-element-34fd0343 e-con-full e-flex e-con e-parent\" data-id=\"34fd0343\" data-element_type=\"container\" data-settings=\"{&quot;background_background&quot;:&quot;classic&quot;}\">\n\t\t\t\t<div class=\"elementor-element elementor-element-3252eb10 elementor-widget elementor-widget-services_2\" data-id=\"3252eb10\" data-element_type=\"widget\" data-widget_type=\"services_2.default\">\n\t\t\t\t<div class=\"elementor-widget-container\">\n\t\t\t\t\t\n\n\n<div class=\"spacer-150 spacer-md-90 spacer-sm-45\"><\/div>\n    <div class=\"services-1\">\n        <div class=\"container\">\n            <h4 class=\"text-anime\">\n\t\t\t\tD\u00e9velopper votre e-r\u00e9putation \n<br\/>aupr\u00e8s des amateurs d\u2019art             <\/h4>\n            <div class=\"row\">\n                <div class=\"col-xl-12 accordion\">\n                    <div class=\"spacer-45 spacer-sm-15\"><\/div>\n\n\t\t\t\t\t                    <div class=\"accordion-title\">\n                        <div class=\"spacer-30\"><\/div>\n                        <div class=\"text-anime\">Communication digitale <\/div>\n                        <p class=\"little\">Nous r\u00e9alisons un audit d\u00e9taill\u00e9 de votre e-r\u00e9putation pour d\u00e9finir votre pr\u00e9sence en ligne : web, r\u00e9seaux sociaux, r\u00e9f\u00e9rencement. Nous concevons un plan de communication pour promouvoir vos actualit\u00e9s, valoriser vos artistes et diffuser leurs oeuvres. Nous vous accompagnons \u00e0 chaque \u00e9tape, de la d\u00e9finition de la strat\u00e9gie \u00e0 la diffusion de la campagne, incluant la productions des contenus. <\/p>\n                        <div class=\"spacer-30\"><\/div>\n                        <hr>\n                    <\/div>\n\t\t\t\t\t                    <div class=\"accordion-title\">\n                        <div class=\"spacer-30\"><\/div>\n                        <div class=\"text-anime\">Photographie  & vid\u00e9o<\/div>\n                        <p class=\"little\">Nous produisons des contenus qui se d\u00e9marquent, avec un grand potentiel narratif et un fort impact \u00e9motionnel. Captation photo & vid\u00e9o, retouches et post-production d\u00e9clinables pour diff\u00e9rents supports : impression, web, TV et r\u00e9seaux sociaux.  Media de pr\u00e9dilection des amateurs d\u2019art, la vid\u00e9o permet de surprendre, s\u00e9duire et convaincre vos diff\u00e9rents publics.<\/p>\n                        <div class=\"spacer-30\"><\/div>\n                        <hr>\n                    <\/div>\n\t\t\t\t\t                    <div class=\"accordion-title\">\n                        <div class=\"spacer-30\"><\/div>\n                        <div class=\"text-anime\">R\u00e9seaux sociaux <\/div>\n                        <p class=\"little\">Nous g\u00e9rons et animons vos comptes officiels pour susciter l\u2019int\u00e9r\u00eat et l'engagement de vos abonn\u00e9s. Nous dynamisons votre ligne \u00e9ditoriale en apportant un soin particulier \u00e0 la m\u00e9diation culturelle. La cr\u00e9ation de contenus exclusifs et originaux permet d'\u00e9veiller la curiosit\u00e9 et toucher la sensibilit\u00e9 par des formes plus narratives et artistiques.<\/p>\n                        <div class=\"spacer-30\"><\/div>\n                        <hr>\n                    <\/div>\n\t\t\t\t\t                    <div class=\"accordion-title\">\n                        <div class=\"spacer-30\"><\/div>\n                        <div class=\"text-anime\">Conception web <\/div>\n                        <p class=\"little\">Nous concevons des interfaces \u00e9l\u00e9gantes et intemporelles \u00e0 destination des amateurs d\u2019art. Nous travaillons exclusivement avec WordPress, une plateforme souple et \u00e9volutive facilitant l\u2019ajout de fonctionnalit\u00e9s. Le site internet demeure le point de convergence de vos actions de communication, vitrine internationale de votre activit\u00e9. <\/p>\n                        <div class=\"spacer-30\"><\/div>\n                        <hr>\n                    <\/div>\n\t\t\t\t\t                    <div class=\"accordion-title\">\n                        <div class=\"spacer-30\"><\/div>\n                        <div class=\"text-anime\">Strat\u00e9gie d\u2019influence <\/div>\n                        <p class=\"little\">Nous organisons des \u00e9v\u00e8nements en partenariat avec les leaders d\u2019opinion sp\u00e9cialis\u00e9s dans le secteur culturel. Nous collaborons de longue date avec s\u00e9lection de cr\u00e9ateurs de contenus disposant d\u2019une communaut\u00e9 qualifi\u00e9e, active et engag\u00e9e pour offrir \u00e0 vos actualit\u00e9s une forte r\u00e9sonance aupr\u00e8s des amateurs d\u2019art. <\/p>\n                        <div class=\"spacer-30\"><\/div>\n                        <hr>\n                    <\/div>\n\t\t\t\t\t\n                <\/div>\n            <\/div>\n        <\/div>\n    <\/div>\n\n\t\t\t\t<\/div>\n\t\t\t\t<\/div>\n\t\t\t\t<\/div>\n\t\t<div class=\"elementor-element elementor-element-fafb7dd e-con-full e-flex e-con e-parent\" data-id=\"fafb7dd\" data-element_type=\"container\" data-settings=\"{&quot;background_background&quot;:&quot;classic&quot;}\">\n\t\t\t\t<div class=\"elementor-element elementor-element-3a12792 elementor-widget elementor-widget-team\" data-id=\"3a12792\" data-element_type=\"widget\" data-widget_type=\"team.default\">\n\t\t\t\t<div class=\"elementor-widget-container\">\n\t\t\t\t\t\n\t<div class=\"teammate-1\">\n\t\t\t<div class=\"team-wrap\">\n\n\t\t\t\t\t\t\t<div class=\"teammate\">\n\t\t\t\t\t<div class=\"rotate-wrap\">\n\t\t\t\t\t\t<div class=\"image-anime\">\n\t\t\t\t\t\t\t<img decoding=\"async\" src=\"https:\/\/3r-prev.com\/tro25\/wp-content\/uploads\/2025\/02\/TROISIEME-RIVE-PORTRAIT-Thomas-01-3000px-scaled-v33.png\" alt=\"\">\n\t\t\t\t\t\t<\/div>\n\t\t\t\t\t<\/div>\n\t\t\t\t\t<div class=\"teammate-info\">\n\t\t\t\t\t\t<span class=\"name text-anime\">Thomas Micaletto<\/span>\n\t\t\t\t\t\t<span class=\"job text-anime\">Communication<\/span>\n\t\t\t\t\t<\/div>\n\t\t\t\t<\/div>\n\t\t\t\t\t\t\t<div class=\"teammate\">\n\t\t\t\t\t<div class=\"rotate-wrap\">\n\t\t\t\t\t\t<div class=\"image-anime\">\n\t\t\t\t\t\t\t<img decoding=\"async\" src=\"https:\/\/3r-prev.com\/tro25\/wp-content\/uploads\/2025\/02\/TROISIEME-RIVE-PORTRAIT-Vincent-R-01-3000px-scaled.jpg\" alt=\"\">\n\t\t\t\t\t\t<\/div>\n\t\t\t\t\t<\/div>\n\t\t\t\t\t<div class=\"teammate-info\">\n\t\t\t\t\t\t<span class=\"name text-anime\">Vincent Rola<\/span>\n\t\t\t\t\t\t<span class=\"job text-anime\">Cr\u00e9ation vid\u00e9o<\/span>\n\t\t\t\t\t<\/div>\n\t\t\t\t<\/div>\n\t\t\t\t\t\t\t<div class=\"teammate\">\n\t\t\t\t\t<div class=\"rotate-wrap\">\n\t\t\t\t\t\t<div class=\"image-anime\">\n\t\t\t\t\t\t\t<img decoding=\"async\" src=\"https:\/\/3r-prev.com\/tro25\/wp-content\/uploads\/2025\/02\/TROISIEME-RIVE-PORTRAIT-Emeline-3000px-scaled.jpg\" alt=\"\">\n\t\t\t\t\t\t<\/div>\n\t\t\t\t\t<\/div>\n\t\t\t\t\t<div class=\"teammate-info\">\n\t\t\t\t\t\t<span class=\"name text-anime\">Emeline Tritz <\/span>\n\t\t\t\t\t\t<span class=\"job text-anime\"> Partenaire \/ Influence<\/span>\n\t\t\t\t\t<\/div>\n\t\t\t\t<\/div>\n\t\t\t\t\t\t\t<div class=\"teammate\">\n\t\t\t\t\t<div class=\"rotate-wrap\">\n\t\t\t\t\t\t<div class=\"image-anime\">\n\t\t\t\t\t\t\t<img decoding=\"async\" src=\"https:\/\/3r-prev.com\/tro25\/wp-content\/uploads\/2025\/02\/TROISIEME-RIVE-PORTRAIT-Pierre-Antoine-3000px-scaled.jpg\" alt=\"\">\n\t\t\t\t\t\t<\/div>\n\t\t\t\t\t<\/div>\n\t\t\t\t\t<div class=\"teammate-info\">\n\t\t\t\t\t\t<span class=\"name text-anime\">Pierre-Antoine Gu\u00e9not<\/span>\n\t\t\t\t\t\t<span class=\"job text-anime\">Cr\u00e9ation Web<\/span>\n\t\t\t\t\t<\/div>\n\t\t\t\t<\/div>\n\t\t\t\t\t\t\t<div class=\"teammate\">\n\t\t\t\t\t<div class=\"rotate-wrap\">\n\t\t\t\t\t\t<div class=\"image-anime\">\n\t\t\t\t\t\t\t<img decoding=\"async\" src=\"https:\/\/3r-prev.com\/tro25\/wp-content\/uploads\/2025\/02\/TROISIEME-RIVE-PORTRAIT-Vincent-B-3000px-1-scaled.jpg\" alt=\"\">\n\t\t\t\t\t\t<\/div>\n\t\t\t\t\t<\/div>\n\t\t\t\t\t<div class=\"teammate-info\">\n\t\t\t\t\t\t<span class=\"name text-anime\">Vincent Bousserez<\/span>\n\t\t\t\t\t\t<span class=\"job text-anime\">Partenaire \/ DA & Photographie<\/span>\n\t\t\t\t\t<\/div>\n\t\t\t\t<\/div>\n\t\t\t\t\t\t<\/div>\n\t\t<\/div>\n\n\t\t\t\t<\/div>\n\t\t\t\t<\/div>\n\t\t\t\t<\/div>\n\t\t<div class=\"elementor-element elementor-element-a92323b e-flex e-con-boxed e-con e-parent\" data-id=\"a92323b\" data-element_type=\"container\">\n\t\t\t\t\t<div class=\"e-con-inner\">\n\t\t\t\t<div class=\"elementor-element elementor-element-d31e5db elementor-widget elementor-widget-page_header\" data-id=\"d31e5db\" data-element_type=\"widget\" data-widget_type=\"page_header.default\">\n\t\t\t\t<div class=\"elementor-widget-container\">\n\t\t\t\t\t\n<div class=\"page-caption\">\n\t        <canvas class=\"scene scene--full\" id=\"scene\"><\/canvas>\n\t        <div class=\"spacer-300 spacer-md-200\"><\/div>\n        <div class=\"container\">\n\t\t\t            <h2 class=\"title text-anime\">Convictions<\/h2>\n\t\t\t\t\t\t\t\t\t\t\t<div class=\"spacer-30 spacer-sm-15\"><\/div>\n\t\t\t\t<h6 class=\"text-anime sub-caption\"><\/h6>\n\t\t\t\t        <\/div>\n    <\/div>\n\n\t\t\t\t<\/div>\n\t\t\t\t<\/div>\n\t\t\t\t<div class=\"elementor-element elementor-element-b9441c7 elementor-widget elementor-widget-testimonials\" data-id=\"b9441c7\" data-element_type=\"widget\" data-widget_type=\"testimonials.default\">\n\t\t\t\t<div class=\"elementor-widget-container\">\n\t\t\t\t\t\n<div class=\"testimonials\">\n\t\t<div class=\"row\">\n\t\t\t<div class=\"col-xl-8 col-10 offset-1 offset-xl-2\">\n\t\t\t\t<div class=\"testimonial-wrap\">\n\t\t\t\t<div class=\"testimonial-slider\">\n\t\t\t\t\t<div class=\"slider-arrows\">\n\t\t\t\t\t\t<i class=\"ri-arrow-left-line\"><\/i>\n\t\t\t\t\t\t<div class=\"active number\" data-slide-count=\"1\">01<\/div>\n\t\t\t\t\t\t<div class=\"progress\"><span><\/span><\/div>\n\t\t\t\t\t\t<div class=\"total number\">05<\/div>\n\t\t\t\t\t\t<i class=\"ri-arrow-right-line\"><\/i>\n\t\t\t\t\t<\/div>\n\t\t\t\t\t<div class=\"swiper-wrapper\">\n\t\t\t\t\t\t\t\t\t\t<div class=\"swiper-slide\">\n\t\t\t\t\t\t<h6>Les r\u00e9seaux sociaux imposent un r\u00e9flexe de consultation quotidien \u00e0 l\u2019ensemble des acteurs du march\u00e9 de l\u2019art. Sollicit\u00e9s donc exigeants, les amateurs d\u2019art affectionnent les formats vid\u00e9os courts, \u00ab snack art \u00bb, propices \u00e0 la m\u00e9diation culturelle.  <\/h6>\n\t\t\t\t\t\t<div class=\"author\"><br><\/div>\n\t\t\t\t\t<\/div>\n\t\t\t\t\t\t\t\t\t\t<div class=\"swiper-slide\">\n\t\t\t\t\t\t<h6>Media de pr\u00e9dilection des amateurs d\u2019art, la vid\u00e9o permet de surprendre, s\u00e9duire et convaincre vos diff\u00e9rents publics. Esth\u00e9tique ou authentique, format court ou contemplatif, elle permet de valoriser vos actualit\u00e9s, promouvoir vos artistes et diffuser leurs \u0153uvres.<\/h6>\n\t\t\t\t\t\t<div class=\"author\"><br><\/div>\n\t\t\t\t\t<\/div>\n\t\t\t\t\t\t\t\t\t\t<div class=\"swiper-slide\">\n\t\t\t\t\t\t<h6>Des l\u2019esth\u00e9tique \u00e0 l\u2019authentique ! Les internautes attendent des contenus qui leur ressemble, sur lesquels ils puissent s\u2019identifier et interagir. Proximit\u00e9 et interactions demeurent les bonnes pratiques pour d\u00e9velopper votre pr\u00e9sence en ligne. <\/h6>\n\t\t\t\t\t\t<div class=\"author\"><br><\/div>\n\t\t\t\t\t<\/div>\n\t\t\t\t\t\t\t\t\t\t<\/div>\n\t\t\t\t\t<\/div>\n\t\t\t\t<\/div>\n\t\t\t<\/div>\n\t\t<\/div>\n    <\/div>\n\n\t\t\t\t<\/div>\n\t\t\t\t<\/div>\n\t\t\t\t\t<\/div>\n\t\t\t\t<\/div>\n\t\t\t\t<\/div>\n\t\t","protected":false},"excerpt":{"rendered":"<p>Troisi\u00e8me Rive Nous sommes une agence de communication digitale ind\u00e9pendante sp\u00e9cialis\u00e9e dans le march\u00e9 de l\u2019art. 12 + ann\u00e9es d\u2019expertise et de passion en collaboration avec les institutions. Nous concevons&#8230;<\/p>\n","protected":false},"author":1,"featured_media":0,"parent":0,"menu_order":0,"comment_status":"closed","ping_status":"closed","template":"","meta":{"_acf_changed":false,"footnotes":""},"class_list":["post-699","page","type-page","status-publish","hentry"],"acf":[],"_links":{"self":[{"href":"https:\/\/3r-prev.com\/tro25\/wp-json\/wp\/v2\/pages\/699","targetHints":{"allow":["GET"]}}],"collection":[{"href":"https:\/\/3r-prev.com\/tro25\/wp-json\/wp\/v2\/pages"}],"about":[{"href":"https:\/\/3r-prev.com\/tro25\/wp-json\/wp\/v2\/types\/page"}],"author":[{"embeddable":true,"href":"https:\/\/3r-prev.com\/tro25\/wp-json\/wp\/v2\/users\/1"}],"replies":[{"embeddable":true,"href":"https:\/\/3r-prev.com\/tro25\/wp-json\/wp\/v2\/comments?post=699"}],"version-history":[{"count":88,"href":"https:\/\/3r-prev.com\/tro25\/wp-json\/wp\/v2\/pages\/699\/revisions"}],"predecessor-version":[{"id":2108,"href":"https:\/\/3r-prev.com\/tro25\/wp-json\/wp\/v2\/pages\/699\/revisions\/2108"}],"wp:attachment":[{"href":"https:\/\/3r-prev.com\/tro25\/wp-json\/wp\/v2\/media?parent=699"}],"curies":[{"name":"wp","href":"https:\/\/api.w.org\/{rel}","templated":true}]}}