{"id":94,"date":"2025-09-23T11:58:34","date_gmt":"2025-09-23T09:58:34","guid":{"rendered":"https:\/\/3r-prev.com\/taf\/?page_id=94"},"modified":"2025-12-16T09:45:34","modified_gmt":"2025-12-16T08:45:34","slug":"contact","status":"publish","type":"page","link":"https:\/\/3r-prev.com\/taf\/contact\/","title":{"rendered":"Contact"},"content":{"rendered":"<div class=\"wpb-content-wrapper\"><p>[vc_row][vc_column]<div class=\"dfd-spacer-module\"  data-units=\"px\" data-wide_resolution=\"1280\" data-wide_size=\"80\" data-normal_resolution=\"1024\" data-normal_size=\"80\" data-tablet_resolution=\"800\" data-tablet_size=\"80\" data-mobile_resolution=\"480\" data-mobile_size=\"80\" style=\"height: 80px;\"><\/div>[vc_raw_html css=\u00a0\u00bb\u00a0\u00bb]JTNDZGl2JTIwY2xhc3MlM0QlMjJ0YWYtaGVhZGluZy13cmFwJTIyJTNFJTBBJTA5JTNDc3Ryb25nJTNFS2VlcCUyMGluJTIwdG91Y2glM0MlMkZzdHJvbmclM0UlMEElMDklM0NoMSUzRWNvbnRhY3QlM0MlMkZoMSUzRSUwQSUzQyUyRmRpdiUzRQ==[\/vc_raw_html][\/vc_column][\/vc_row][vc_row][vc_column][vc_raw_html css=\u00a0\u00bb\u00a0\u00bb]JTBBJTA5JTNDZGl2JTIwY2xhc3MlM0QlMjJ0YWYtcHJlei13cmFwJTIyJTNFJTBBJTA5JTA5JTNDcCUzRU5vdXMlMjBzZXJpb25zJTIwaGV1cmV1eCUyMGQlRTIlODAlOTklQzMlQTljaGFuZ2VyJTIwYXV0b3VyJTIwZGUlMjB2b3MlMjBwcm9qZXRzLiUyMFRoZSUyMEFydCUyMEZhY3RvciUyMGFjY29tcGFnbmUlMjBnYWxlcmllcyUyQyUyMG1haXNvbnMlMjBkZSUyMHZlbnRlJTJDJTIwaW5zdGl0dXRpb25zJTIwZXQlMjBhcnRpc3RlcyUyMGRhbnMlMjBsZXVycyUyMHN0cmF0JUMzJUE5Z2llcyUyMGRlJTIwY29tbXVuaWNhdGlvbiUyMGV0JTIwbGV1ciUyMGltYWdlLiUyMENvbnRhY3Rlei1ub3VzJTIwcG91ciUyMGV4cGxvcmVyJTIwZW5zZW1ibGUlMjBsYSUyMG1laWxsZXVyZSUyMG1hbmklQzMlQThyZSUyMGRlJTIwdmFsb3Jpc2VyJTIwdm9zJTIwaW5pdGlhdGl2ZXMlMjBldCUyMGFjY3JvJUMzJUFFdHJlJTIwbGV1ciUyMHZpc2liaWxpdCVDMyVBOS4lM0MlMkZwJTNFJTBBJTA5JTA5JTNDdWwlMjBjbGFzcyUzRCUyMnRhZi1jb250YWN0LWxpc3QlMjIlM0UlMEElMDklMDklMDklM0NsaSUzRSUzQ2ElMjB0YXJnZXQlM0QlMjJfYmxhbmslMjIlMjBocmVmJTNEJTIyaHR0cHMlM0ElMkYlMkZ3d3cubGlua2VkaW4uY29tJTJGY29tcGFueSUyRnRoZWFydGZhY3RvciUzRnV0bV9zb3VyY2UlM0RjaGF0Z3B0LmNvbSUyMiUzRSUzQ2klMjBjbGFzcyUzRCUyMmZhLWJyYW5kcyUyMGZhLWxpbmtlZGluLWluJTIyJTNFJTNDJTJGaSUzRSUzQyUyRmElM0UlM0MlMkZsaSUzRSUwQSUwOSUwOSUwOSUzQ2xpJTNFJTNDYSUyMHRhcmdldCUzRCUyMl9ibGFuayUyMiUyMGhyZWYlM0QlMjJodHRwcyUzQSUyRiUyRnd3dy5pbnN0YWdyYW0uY29tJTJGdGhlYXJ0ZmFjdG9yX29mZmljaWFsJTJGJTNGdXRtX3NvdXJjZSUzRGNoYXRncHQuY29tJTIyJTNFJTNDaSUyMGNsYXNzJTNEJTIyZmEtYnJhbmRzJTIwZmEtc3F1YXJlLWluc3RhZ3JhbSUyMiUzRSUzQyUyRmklM0UlM0MlMkZhJTNFJTNDJTJGbGklM0UlMEElMDklMDklM0MlMkZ1bCUzRSUwQSUwOSUzQyUyRmRpdiUzRQ==[\/vc_raw_html]<div class=\"dfd-spacer-module\"  data-units=\"px\" data-wide_resolution=\"1280\" data-wide_size=\"40\" data-normal_resolution=\"1024\" data-normal_size=\"40\" data-tablet_resolution=\"800\" data-tablet_size=\"40\" data-mobile_resolution=\"480\" data-mobile_size=\"40\" style=\"height: 40px;\"><\/div><div class=\"dfd-spacer-module\"  data-units=\"px\" data-wide_resolution=\"1280\" data-wide_size=\"40\" data-normal_resolution=\"1024\" data-normal_size=\"40\" data-tablet_resolution=\"800\" data-tablet_size=\"40\" data-mobile_resolution=\"480\" data-mobile_size=\"40\" style=\"height: 40px;\"><\/div><div class=\"dfd-spacer-module\"  data-units=\"px\" data-wide_resolution=\"1280\" data-wide_size=\"40\" data-normal_resolution=\"1024\" data-normal_size=\"40\" data-tablet_resolution=\"800\" data-tablet_size=\"40\" data-mobile_resolution=\"480\" data-mobile_size=\"40\" style=\"height: 40px;\"><\/div>[\/vc_column][\/vc_row][vc_row][vc_column]<div class=\"dfd-spacer-module\"  data-units=\"px\" data-wide_resolution=\"1280\" data-wide_size=\"40\" data-normal_resolution=\"1024\" data-normal_size=\"40\" data-tablet_resolution=\"800\" data-tablet_size=\"40\" data-mobile_resolution=\"480\" data-mobile_size=\"40\" style=\"height: 40px;\"><\/div>[vc_raw_html css=\u00a0\u00bb\u00a0\u00bb]JTNDZGl2JTIwY2xhc3MlM0QlMjJ0YWYtaGVhZGluZy13cmFwJTIyJTNFJTBBJTA5JTNDc3Ryb25nJTNFV2hhdCUyN3MlMjBvbiUzQyUyRnN0cm9uZyUzRSUwQSUwOSUzQ2gyJTNFSW5zdGElMjBtb21lbnQlM0MlMkZoMiUzRSUwQSUzQyUyRmRpdiUzRQ==[\/vc_raw_html]<div class=\"dfd-spacer-module\"  data-units=\"px\" data-wide_resolution=\"1280\" data-wide_size=\"40\" data-normal_resolution=\"1024\" data-normal_size=\"40\" data-tablet_resolution=\"800\" data-tablet_size=\"40\" data-mobile_resolution=\"480\" data-mobile_size=\"40\" style=\"height: 40px;\"><\/div>[\/vc_column][\/vc_row][vc_row el_class=\u00a0\u00bbtaf-ig-wrap\u00a0\u00bb][vc_column][vc_column_text css=\u00a0\u00bb\u00a0\u00bb]\t\t<div id=\"sbi_mod_error\" >\n\t\t\t<span>Ce message d\u2019erreur n\u2019est visible que pour les administrateurs de WordPress<\/span><br\/>\n\t\t\t<p><strong>Erreur\u00a0:  aucun flux avec l\u2019ID 1 n\u2019a \u00e9t\u00e9 trouv\u00e9.<\/strong>\n\t\t\t<p>Veuillez aller sur la page de r\u00e9glages d\u2018Instagram Feed pour connecter votre compte.<\/p>\n\t\t<\/div>\n\t\t[\/vc_column_text][vc_raw_html css=\u00a0\u00bb\u00a0\u00bb]JTNDYSUyMGhyZWYlM0QlMjIlMjMlMjIlMjBjbGFzcyUzRCUyMnRhZi1jdGElMjIlMjBzdHlsZSUzRCUyMiUyMCUyMCUyMCUyMHBvc2l0aW9uJTNBJTIwYWJzb2x1dGUlM0IlMEElMjAlMjAlMjAlMjByaWdodCUzQSUyMDAlM0IlMjIlM0UlMEElMjAlMjAlMjAlMjAlM0NzcGFuJTIwY2xhc3MlM0QlMjJsaW5rLXRleHQlMjIlM0VOT1VTJTIwU1VJVlJFJTNDJTJGc3BhbiUzRSUwQSUyMCUyMCUyMCUyMCUzQ3NwYW4lMjBjbGFzcyUzRCUyMmFycm93JTIyJTNFJUUyJTg2JTkyJTNDJTJGc3BhbiUzRSUwQSUyMCUyMCUzQyUyRmElM0U=[\/vc_raw_html]<div class=\"dfd-spacer-module\"  data-units=\"px\" data-wide_resolution=\"1280\" data-wide_size=\"40\" data-normal_resolution=\"1024\" data-normal_size=\"40\" data-tablet_resolution=\"800\" data-tablet_size=\"40\" data-mobile_resolution=\"480\" data-mobile_size=\"40\" style=\"height: 40px;\"><\/div><div class=\"dfd-spacer-module\"  data-units=\"px\" data-wide_resolution=\"1280\" data-wide_size=\"40\" data-normal_resolution=\"1024\" data-normal_size=\"40\" data-tablet_resolution=\"800\" data-tablet_size=\"40\" data-mobile_resolution=\"480\" data-mobile_size=\"40\" style=\"height: 40px;\"><\/div><div class=\"dfd-spacer-module\"  data-units=\"px\" data-wide_resolution=\"1280\" data-wide_size=\"40\" data-normal_resolution=\"1024\" data-normal_size=\"40\" data-tablet_resolution=\"800\" data-tablet_size=\"40\" data-mobile_resolution=\"480\" data-mobile_size=\"40\" style=\"height: 40px;\"><\/div>[\/vc_column][\/vc_row][vc_row dfd_row_config=\u00a0\u00bbfull_width_content\u00a0\u00bb css=\u00a0\u00bb.vc_custom_1753452485381{background-color: #222222 !important;border-color: #222222 !important;}\u00a0\u00bb][vc_column][vc_raw_html css=\u00a0\u00bb\u00a0\u00bb]JTNDZm9vdGVyJTIwY2xhc3MlM0QlMjJ0YWYtZm9vdGVyLXdyYXAlMjIlM0UlMEElMDklM0NkaXYlMjBjbGFzcyUzRCUyMmN0YS1mb290ZXItaXRlbS0xJTIyJTNFJTBBJTA5JTA5JTNDaW1nJTIwc3JjJTNEJTIyaHR0cHMlM0ElMkYlMkYzci1wcmV2LmNvbSUyRnRhZiUyRndwLWNvbnRlbnQlMkZ1cGxvYWRzJTJGMjAyNSUyRjA3JTJGVEhFLUFSVC1GQUNUT1IucG5nJTIyJTIwYWx0JTNEJTIyJTIyJTNFJTBBJTA5JTA5JTA5JTNDdWwlMjBjbGFzcyUzRCUyMnRhZi1zbnMtbGlzdCUyMiUzRSUwQSUwOSUwOSUwOSUwOSUzQ2xpJTNFJTNDYSUyMGhyZWYlM0QlMjIlMjMlMjIlM0VGYWNlYm9vayUzQyUyRmElM0UlM0MlMkZsaSUzRSUwQSUwOSUwOSUwOSUwOSUzQ2xpJTNFJTNDYSUyMGhyZWYlM0QlMjIlMjMlMjIlM0VUd2l0dGVyJTNDJTJGYSUzRSUzQyUyRmxpJTNFJTBBJTA5JTA5JTA5JTA5JTNDbGklM0UlM0NhJTIwaHJlZiUzRCUyMiUyMyUyMiUzRUxpbmtlZGluJTNDJTJGYSUzRSUzQyUyRmxpJTNFJTBBJTA5JTA5JTA5JTNDJTJGdWwlM0UlMEElMDklM0MlMkZkaXYlM0UlMEElMEElMDklM0NkaXYlMjBjbGFzcyUzRCUyMmN0YS1mb290ZXItaXRlbS0yJTIyJTNFJTBBJTA5JTA5JTNDaHIlM0UlMEElMDklMDklM0NhJTIwaHJlZiUzRCUyMiUyMyUyMiUzRTEyJTIwcnVlJTIwbWFjaGluJTNDJTJGYSUzRSUwQSUwOSUwOSUzQ2ElMjBocmVmJTNEJTIyJTIzJTIyJTNFNzUwMDklMjBQQVJJUyUzQyUyRmElM0UlMEElMDklMDklM0NhJTIwaHJlZiUzRCUyMiUyMyUyMiUzRSUyQjMzJTI4MCUyOTEuNDQuNjYuMjUuOTMlM0MlMkZhJTNFJTBBJTA5JTA5JTNDYSUyMGhyZWYlM0QlMjIlMjMlMjIlM0Vjb250YWN0JTQwdGhlYXJ0ZmFjdG9yLmNvbSUzQyUyRmElM0UlMEElMDklM0MlMkZkaXYlM0UlMEElMEElMDklM0NkaXYlMjBjbGFzcyUzRCUyMmN0YS1mb290ZXItaXRlbS0zJTIyJTNFJTBBJTA5JTA5JTNDaHIlM0UlMEElMDklMDklMDklM0NhJTIwaHJlZiUzRCUyMiUyMyUyMiUzRUFjY3VlaWwlM0MlMkZhJTNFJTBBJTA5JTA5JTA5JTNDYSUyMGhyZWYlM0QlMjIlMjMlMjIlM0VDb250YWN0JTNDJTJGYSUzRSUwQSUwOSUwOSUwOSUzQ2ElMjBocmVmJTNEJTIyJTIzJTIyJTNFQSUyMHByb3BvcyUzQyUyRmElM0UlMEElMDklMDklMDklM0NhJTIwaHJlZiUzRCUyMiUyMyUyMiUzRVBvbC4lMjBjb25maWRlbnRpYWxpdCVDMyVBOSUzQyUyRmElM0UlMEElMDklM0MlMkZkaXYlM0UlMEElM0MlMkZmb290ZXIlM0U=[\/vc_raw_html][\/vc_column][\/vc_row]<\/p>\n<\/div>","protected":false},"excerpt":{"rendered":"<p>[vc_row][vc_column][vc_raw_html css=\u00a0\u00bb\u00a0\u00bb]JTNDZGl2JTIwY2xhc3MlM0QlMjJ0YWYtaGVhZGluZy13cmFwJTIyJTNFJTBBJTA5JTNDc3Ryb25nJTNFS2VlcCUyMGluJTIwdG91Y2glM0MlMkZzdHJvbmclM0UlMEElMDklM0NoMSUzRWNvbnRhY3QlM0MlMkZoMSUzRSUwQSUzQyUyRmRpdiUzRQ==[\/vc_raw_html][\/vc_column][\/vc_row][vc_row][vc_column][vc_raw_html css=\u00a0\u00bb\u00a0\u00bb]JTBBJTA5JTNDZGl2JTIwY2xhc3MlM0QlMjJ0YWYtcHJlei13cmFwJTIyJTNFJTBBJTA5JTA5JTNDcCUzRU5vdXMlMjBzZXJpb25zJTIwaGV1cmV1eCUyMGQlRTIlODAlOTklQzMlQTljaGFuZ2VyJTIwYXV0b3VyJTIwZGUlMjB2b3MlMjBwcm9qZXRzLiUyMFRoZSUyMEFydCUyMEZhY3RvciUyMGFjY29tcGFnbmUlMjBnYWxlcmllcyUyQyUyMG1haXNvbnMlMjBkZSUyMHZlbnRlJTJDJTIwaW5zdGl0dXRpb25zJTIwZXQlMjBhcnRpc3RlcyUyMGRhbnMlMjBsZXVycyUyMHN0cmF0JUMzJUE5Z2llcyUyMGRlJTIwY29tbXVuaWNhdGlvbiUyMGV0JTIwbGV1ciUyMGltYWdlLiUyMENvbnRhY3Rlei1ub3VzJTIwcG91ciUyMGV4cGxvcmVyJTIwZW5zZW1ibGUlMjBsYSUyMG1laWxsZXVyZSUyMG1hbmklQzMlQThyZSUyMGRlJTIwdmFsb3Jpc2VyJTIwdm9zJTIwaW5pdGlhdGl2ZXMlMjBldCUyMGFjY3JvJUMzJUFFdHJlJTIwbGV1ciUyMHZpc2liaWxpdCVDMyVBOS4lM0MlMkZwJTNFJTBBJTA5JTA5JTNDdWwlMjBjbGFzcyUzRCUyMnRhZi1jb250YWN0LWxpc3QlMjIlM0UlMEElMDklMDklMDklM0NsaSUzRSUzQ2ElMjB0YXJnZXQlM0QlMjJfYmxhbmslMjIlMjBocmVmJTNEJTIyaHR0cHMlM0ElMkYlMkZ3d3cubGlua2VkaW4uY29tJTJGY29tcGFueSUyRnRoZWFydGZhY3RvciUzRnV0bV9zb3VyY2UlM0RjaGF0Z3B0LmNvbSUyMiUzRSUzQ2klMjBjbGFzcyUzRCUyMmZhLWJyYW5kcyUyMGZhLWxpbmtlZGluLWluJTIyJTNFJTNDJTJGaSUzRSUzQyUyRmElM0UlM0MlMkZsaSUzRSUwQSUwOSUwOSUwOSUzQ2xpJTNFJTNDYSUyMHRhcmdldCUzRCUyMl9ibGFuayUyMiUyMGhyZWYlM0QlMjJodHRwcyUzQSUyRiUyRnd3dy5pbnN0YWdyYW0uY29tJTJGdGhlYXJ0ZmFjdG9yX29mZmljaWFsJTJGJTNGdXRtX3NvdXJjZSUzRGNoYXRncHQuY29tJTIyJTNFJTNDaSUyMGNsYXNzJTNEJTIyZmEtYnJhbmRzJTIwZmEtc3F1YXJlLWluc3RhZ3JhbSUyMiUzRSUzQyUyRmklM0UlM0MlMkZhJTNFJTNDJTJGbGklM0UlMEElMDklMDklM0MlMkZ1bCUzRSUwQSUwOSUzQyUyRmRpdiUzRQ==[\/vc_raw_html][\/vc_column][\/vc_row][vc_row][vc_column][vc_raw_html css=\u00a0\u00bb\u00a0\u00bb]JTNDZGl2JTIwY2xhc3MlM0QlMjJ0YWYtaGVhZGluZy13cmFwJTIyJTNFJTBBJTA5JTNDc3Ryb25nJTNFV2hhdCUyN3MlMjBvbiUzQyUyRnN0cm9uZyUzRSUwQSUwOSUzQ2gyJTNFSW5zdGElMjBtb21lbnQlM0MlMkZoMiUzRSUwQSUzQyUyRmRpdiUzRQ==[\/vc_raw_html][\/vc_column][\/vc_row][vc_row el_class=\u00a0\u00bbtaf-ig-wrap\u00a0\u00bb][vc_column][vc_column_text css=\u00a0\u00bb\u00a0\u00bb][\/vc_column_text][vc_raw_html css=\u00a0\u00bb\u00a0\u00bb]JTNDYSUyMGhyZWYlM0QlMjIlMjMlMjIlMjBjbGFzcyUzRCUyMnRhZi1jdGElMjIlMjBzdHlsZSUzRCUyMiUyMCUyMCUyMCUyMHBvc2l0aW9uJTNBJTIwYWJzb2x1dGUlM0IlMEElMjAlMjAlMjAlMjByaWdodCUzQSUyMDAlM0IlMjIlM0UlMEElMjAlMjAlMjAlMjAlM0NzcGFuJTIwY2xhc3MlM0QlMjJsaW5rLXRleHQlMjIlM0VOT1VTJTIwU1VJVlJFJTNDJTJGc3BhbiUzRSUwQSUyMCUyMCUyMCUyMCUzQ3NwYW4lMjBjbGFzcyUzRCUyMmFycm93JTIyJTNFJUUyJTg2JTkyJTNDJTJGc3BhbiUzRSUwQSUyMCUyMCUzQyUyRmElM0U=[\/vc_raw_html][\/vc_column][\/vc_row][vc_row dfd_row_config=\u00a0\u00bbfull_width_content\u00a0\u00bb css=\u00a0\u00bb.vc_custom_1753452485381{background-color: #222222 !important;border-color: #222222 !important;}\u00a0\u00bb][vc_column][vc_raw_html css=\u00a0\u00bb\u00a0\u00bb]JTNDZm9vdGVyJTIwY2xhc3MlM0QlMjJ0YWYtZm9vdGVyLXdyYXAlMjIlM0UlMEElMDklM0NkaXYlMjBjbGFzcyUzRCUyMmN0YS1mb290ZXItaXRlbS0xJTIyJTNFJTBBJTA5JTA5JTNDaW1nJTIwc3JjJTNEJTIyaHR0cHMlM0ElMkYlMkYzci1wcmV2LmNvbSUyRnRhZiUyRndwLWNvbnRlbnQlMkZ1cGxvYWRzJTJGMjAyNSUyRjA3JTJGVEhFLUFSVC1GQUNUT1IucG5nJTIyJTIwYWx0JTNEJTIyJTIyJTNFJTBBJTA5JTA5JTA5JTNDdWwlMjBjbGFzcyUzRCUyMnRhZi1zbnMtbGlzdCUyMiUzRSUwQSUwOSUwOSUwOSUwOSUzQ2xpJTNFJTNDYSUyMGhyZWYlM0QlMjIlMjMlMjIlM0VGYWNlYm9vayUzQyUyRmElM0UlM0MlMkZsaSUzRSUwQSUwOSUwOSUwOSUwOSUzQ2xpJTNFJTNDYSUyMGhyZWYlM0QlMjIlMjMlMjIlM0VUd2l0dGVyJTNDJTJGYSUzRSUzQyUyRmxpJTNFJTBBJTA5JTA5JTA5JTA5JTNDbGklM0UlM0NhJTIwaHJlZiUzRCUyMiUyMyUyMiUzRUxpbmtlZGluJTNDJTJGYSUzRSUzQyUyRmxpJTNFJTBBJTA5JTA5JTA5JTNDJTJGdWwlM0UlMEElMDklM0MlMkZkaXYlM0UlMEElMEElMDklM0NkaXYlMjBjbGFzcyUzRCUyMmN0YS1mb290ZXItaXRlbS0yJTIyJTNFJTBBJTA5JTA5JTNDaHIlM0UlMEElMDklMDklM0NhJTIwaHJlZiUzRCUyMiUyMyUyMiUzRTEyJTIwcnVlJTIwbWFjaGluJTNDJTJGYSUzRSUwQSUwOSUwOSUzQ2ElMjBocmVmJTNEJTIyJTIzJTIyJTNFNzUwMDklMjBQQVJJUyUzQyUyRmElM0UlMEElMDklMDklM0NhJTIwaHJlZiUzRCUyMiUyMyUyMiUzRSUyQjMzJTI4MCUyOTEuNDQuNjYuMjUuOTMlM0MlMkZhJTNFJTBBJTA5JTA5JTNDYSUyMGhyZWYlM0QlMjIlMjMlMjIlM0Vjb250YWN0JTQwdGhlYXJ0ZmFjdG9yLmNvbSUzQyUyRmElM0UlMEElMDklM0MlMkZkaXYlM0UlMEElMEElMDklM0NkaXYlMjBjbGFzcyUzRCUyMmN0YS1mb290ZXItaXRlbS0zJTIyJTNFJTBBJTA5JTA5JTNDaHIlM0UlMEElMDklMDklMDklM0NhJTIwaHJlZiUzRCUyMiUyMyUyMiUzRUFjY3VlaWwlM0MlMkZhJTNFJTBBJTA5JTA5JTA5JTNDYSUyMGhyZWYlM0QlMjIlMjMlMjIlM0VDb250YWN0JTNDJTJGYSUzRSUwQSUwOSUwOSUwOSUzQ2ElMjBocmVmJTNEJTIyJTIzJTIyJTNFQSUyMHByb3BvcyUzQyUyRmElM0UlMEElMDklMDklMDklM0NhJTIwaHJlZiUzRCUyMiUyMyUyMiUzRVBvbC4lMjBjb25maWRlbnRpYWxpdCVDMyVBOSUzQyUyRmElM0UlMEElMDklM0MlMkZkaXYlM0UlMEElM0MlMkZmb290ZXIlM0U=[\/vc_raw_html][\/vc_column][\/vc_row]<\/p>\n","protected":false},"author":1,"featured_media":0,"parent":0,"menu_order":0,"comment_status":"closed","ping_status":"closed","template":"page-contact.php","meta":{"_acf_changed":false,"footnotes":""},"class_list":["post-94","page","type-page","status-publish","hentry"],"acf":[],"_links":{"self":[{"href":"https:\/\/3r-prev.com\/taf\/wp-json\/wp\/v2\/pages\/94","targetHints":{"allow":["GET"]}}],"collection":[{"href":"https:\/\/3r-prev.com\/taf\/wp-json\/wp\/v2\/pages"}],"about":[{"href":"https:\/\/3r-prev.com\/taf\/wp-json\/wp\/v2\/types\/page"}],"author":[{"embeddable":true,"href":"https:\/\/3r-prev.com\/taf\/wp-json\/wp\/v2\/users\/1"}],"replies":[{"embeddable":true,"href":"https:\/\/3r-prev.com\/taf\/wp-json\/wp\/v2\/comments?post=94"}],"version-history":[{"count":11,"href":"https:\/\/3r-prev.com\/taf\/wp-json\/wp\/v2\/pages\/94\/revisions"}],"predecessor-version":[{"id":131,"href":"https:\/\/3r-prev.com\/taf\/wp-json\/wp\/v2\/pages\/94\/revisions\/131"}],"wp:attachment":[{"href":"https:\/\/3r-prev.com\/taf\/wp-json\/wp\/v2\/media?parent=94"}],"curies":[{"name":"wp","href":"https:\/\/api.w.org\/{rel}","templated":true}]}}