{"id":1256,"date":"2024-01-31T17:30:01","date_gmt":"2024-01-31T16:30:01","guid":{"rendered":"https:\/\/3r-prev.com\/rai\/?post_type=product&#038;p=1256"},"modified":"2024-02-02T09:53:54","modified_gmt":"2024-02-02T08:53:54","slug":"fauteuil-verner-panton-noir","status":"publish","type":"product","link":"https:\/\/3r-prev.com\/rai\/produit\/fauteuil-verner-panton-noir\/","title":{"rendered":"Fauteuil Verner Panton Noir"},"content":{"rendered":"","protected":false},"excerpt":{"rendered":"<p>Fauteuil vintage 1-2-3 \u00e0 haut dossier de Verner Panton pour Fritz Hansen.<\/p>\n<p>Ce si\u00e8ge en forme de S a \u00e9t\u00e9 con\u00e7u en porte-\u00e0-faux et se compose d&#8217;une unit\u00e9 ovale plate et \u00e9tendue. Au total, Verner Panton a cr\u00e9\u00e9 10 mod\u00e8les. La s\u00e9rie comporte 2 hauteurs de dossier et 4 hauteurs d&#8217;assise diff\u00e9rentes. Certains mod\u00e8les avaient 6 types de pieds diff\u00e9rents, des pieds plats, crois\u00e9s, courts, des patins, des roulettes ou un ancrage direct au sol. Il s&#8217;agit d&#8217;une chaise pivotante \u00e0 dossier haut sur un pied en acier inoxydable. L&#8217;architecte designer danois Verner Panton (1926-1998) est l&#8217;un des designers les plus \u00e9minents et les plus novateurs de la seconde moiti\u00e9 du XXe si\u00e8cle. Au cours de sa longue carri\u00e8re, il a cr\u00e9\u00e9 une \u0153uvre vaste et vari\u00e9e dans laquelle se manifeste sa pr\u00e9f\u00e9rence pour les couleurs audacieuses et son jeu habile avec les formes et figures g\u00e9om\u00e9triques de base. Le mobilier est au c\u0153ur de la production cr\u00e9ative de Verner Panton. Les int\u00e9rieurs qu&#8217;il a con\u00e7us, dans lesquels il a fusionn\u00e9 des \u00e9l\u00e9ments de tous les domaines de son travail en une sorte de synth\u00e8se des arts, repr\u00e9sentent le point culminant de son \u0153uvre. Fond\u00e9e \u00e0 Copenhague en 1872, la soci\u00e9t\u00e9 Fritz Hansen s&#8217;est d\u00e9velopp\u00e9e pour devenir une marque de d\u00e9coration int\u00e9rieure de renomm\u00e9e internationale. En collaboration avec des designers visionnaires tels que Arne Jacobsen, Poul Kj\u00e6rholm et Hans J. Wegner, Verner Panton et, plus r\u00e9cemment, Cecilie Manz et Jaime Hayon, ils continuent \u00e0 construire des meubles de grande qualit\u00e9. Il s&#8217;agit d&#8217;une s\u00e9rie \u00e0 haut dossier datant de 1975 avec une nouvelle tapisserie effectu\u00e9e en 2005 par le propri\u00e9taire pr\u00e9c\u00e9dent.<\/p>\n<p>Les si\u00e8ges sont avec leurs coussins d&#8217;origine.<\/p>\n<p>Le fauteuil est \u00e0 2550\u20ac &#8211; Remise pour la paire ! 4900\u20ac<\/p>\n<p>&nbsp;<\/p>\n<p><strong data-new-link=\"true\">Artiste:\u00a0<\/strong>Verner Pantone<br \/>\n<strong data-new-link=\"true\">Epoque:\u00a0<\/strong>20\u00e8me si\u00e8cle<br \/>\n<strong data-new-link=\"true\">Style:\u00a0<\/strong>Design Ann\u00e9es 50-60<br \/>\n<strong data-new-link=\"true\">Etat:\u00a0<\/strong>Parfait \u00e9tat<\/p>\n<p><strong data-new-link=\"true\">Mati\u00e8re:\u00a0<\/strong>Autre<br \/>\n<strong data-new-link=\"true\">Hauteur:\u00a0<\/strong>117 cm<br \/>\n<strong data-new-link=\"true\">Profondeur:\u00a0<\/strong>43 cm<\/p>\n","protected":false},"featured_media":1309,"template":"","meta":{"_acf_changed":false},"product_cat":[35],"product_tag":[],"class_list":{"0":"post-1256","1":"product","2":"type-product","3":"status-publish","4":"has-post-thumbnail","6":"product_cat-sieges","8":"first","9":"instock","10":"shipping-taxable","11":"purchasable","12":"product-type-simple"},"acf":[],"_links":{"self":[{"href":"https:\/\/3r-prev.com\/rai\/wp-json\/wp\/v2\/product\/1256","targetHints":{"allow":["GET"]}}],"collection":[{"href":"https:\/\/3r-prev.com\/rai\/wp-json\/wp\/v2\/product"}],"about":[{"href":"https:\/\/3r-prev.com\/rai\/wp-json\/wp\/v2\/types\/product"}],"wp:featuredmedia":[{"embeddable":true,"href":"https:\/\/3r-prev.com\/rai\/wp-json\/wp\/v2\/media\/1309"}],"wp:attachment":[{"href":"https:\/\/3r-prev.com\/rai\/wp-json\/wp\/v2\/media?parent=1256"}],"wp:term":[{"taxonomy":"product_cat","embeddable":true,"href":"https:\/\/3r-prev.com\/rai\/wp-json\/wp\/v2\/product_cat?post=1256"},{"taxonomy":"product_tag","embeddable":true,"href":"https:\/\/3r-prev.com\/rai\/wp-json\/wp\/v2\/product_tag?post=1256"}],"curies":[{"name":"wp","href":"https:\/\/api.w.org\/{rel}","templated":true}]}}