{"id":1225,"date":"2024-01-31T17:20:45","date_gmt":"2024-01-31T16:20:45","guid":{"rendered":"https:\/\/3r-prev.com\/rai\/?post_type=product&#038;p=1225"},"modified":"2024-02-02T09:55:03","modified_gmt":"2024-02-02T08:55:03","slug":"menagere-christofle-perles","status":"publish","type":"product","link":"https:\/\/3r-prev.com\/rai\/produit\/menagere-christofle-perles\/","title":{"rendered":"M\u00e9nag\u00e8re Christofle &#8220;Perles&#8221;"},"content":{"rendered":"","protected":false},"excerpt":{"rendered":"<p>Couverts en m\u00e9tal argent\u00e9, collection Christofle.<\/p>\n<p>Perles reprend avec gr\u00e2ce l\u2019un des ornements typiques du style Louis XVI. Un d\u00e9licat alignement de perles en demi-relief vient ourler le pourtour de chaque couvert comme s\u2019il s\u2019agissait d\u2019un collier.<\/p>\n<p>C&#8217;est un service \u00e0 12 personnes avec un \u00e9crin de votre choix si vous le souhaitez.<br \/>\nIl y a d&#8217;autres ustensiles qui vont avec.<br \/>\nSi vous \u00eates interress\u00e9s n&#8217;hesitez pas \u00e0 nous demander pour plus de renseignements.<\/p>\n<p>&nbsp;<\/p>\n<p><strong data-new-link=\"true\">Artiste:\u00a0<\/strong>Christofle<br \/>\n<strong data-new-link=\"true\">Epoque:\u00a0<\/strong>20\u00e8me si\u00e8cle<br \/>\n<strong data-new-link=\"true\">Style:\u00a0<\/strong>Art moderne<br \/>\n<strong data-new-link=\"true\">Etat:\u00a0<\/strong>Bon \u00e9tat<\/p>\n<p><strong data-new-link=\"true\">Mati\u00e8re:\u00a0<\/strong>M\u00e9tal argent\u00e9<\/p>\n","protected":false},"featured_media":1312,"template":"","meta":{"_acf_changed":false},"product_cat":[39],"product_tag":[],"class_list":{"0":"post-1225","1":"product","2":"type-product","3":"status-publish","4":"has-post-thumbnail","6":"product_cat-argenterie","8":"first","9":"instock","10":"shipping-taxable","11":"purchasable","12":"product-type-simple"},"acf":[],"_links":{"self":[{"href":"https:\/\/3r-prev.com\/rai\/wp-json\/wp\/v2\/product\/1225","targetHints":{"allow":["GET"]}}],"collection":[{"href":"https:\/\/3r-prev.com\/rai\/wp-json\/wp\/v2\/product"}],"about":[{"href":"https:\/\/3r-prev.com\/rai\/wp-json\/wp\/v2\/types\/product"}],"wp:featuredmedia":[{"embeddable":true,"href":"https:\/\/3r-prev.com\/rai\/wp-json\/wp\/v2\/media\/1312"}],"wp:attachment":[{"href":"https:\/\/3r-prev.com\/rai\/wp-json\/wp\/v2\/media?parent=1225"}],"wp:term":[{"taxonomy":"product_cat","embeddable":true,"href":"https:\/\/3r-prev.com\/rai\/wp-json\/wp\/v2\/product_cat?post=1225"},{"taxonomy":"product_tag","embeddable":true,"href":"https:\/\/3r-prev.com\/rai\/wp-json\/wp\/v2\/product_tag?post=1225"}],"curies":[{"name":"wp","href":"https:\/\/api.w.org\/{rel}","templated":true}]}}