{"id":1177,"date":"2024-01-31T17:06:09","date_gmt":"2024-01-31T16:06:09","guid":{"rendered":"https:\/\/3r-prev.com\/rai\/?post_type=product&#038;p=1177"},"modified":"2024-02-02T09:54:44","modified_gmt":"2024-02-02T08:54:44","slug":"marc-lalique-cactus-table","status":"publish","type":"product","link":"https:\/\/3r-prev.com\/rai\/produit\/marc-lalique-cactus-table\/","title":{"rendered":"Marc Lalique &#8220;cactus&#8221; Table"},"content":{"rendered":"","protected":false},"excerpt":{"rendered":"<p>Cr\u00e9\u00e9e en\u00a0 1951, produit en 1980.<\/p>\n<p>Cristal, verre, acier chrom\u00e9.<\/p>\n<p>Hauteur : 28 in. (71.1 cm)<br \/>\nDiam\u00e8tre : 60 in. (152.4 cm)<\/p>\n<p>Monture m\u00e9tallique grav\u00e9e sur chaque support 23-4-1980 et une fa\u00e7ade en verre grav\u00e9e LALIQUE \u00ae.<\/p>\n<p>&nbsp;<\/p>\n<p><strong data-new-link=\"true\">Artiste:\u00a0<\/strong>Marc Lalique<br \/>\n<strong data-new-link=\"true\">Epoque:\u00a0<\/strong>20\u00e8me si\u00e8cle<br \/>\n<strong data-new-link=\"true\">Style:\u00a0<\/strong>Design Ann\u00e9es 50-60<br \/>\n<strong data-new-link=\"true\">Etat:\u00a0<\/strong>Bon \u00e9tat<\/p>\n<p><strong data-new-link=\"true\">Mati\u00e8re:\u00a0<\/strong>Verre<\/p>\n","protected":false},"featured_media":1311,"template":"","meta":{"_acf_changed":false},"product_cat":[36],"product_tag":[],"class_list":{"0":"post-1177","1":"product","2":"type-product","3":"status-publish","4":"has-post-thumbnail","6":"product_cat-meubles","8":"first","9":"instock","10":"shipping-taxable","11":"purchasable","12":"product-type-simple"},"acf":[],"_links":{"self":[{"href":"https:\/\/3r-prev.com\/rai\/wp-json\/wp\/v2\/product\/1177","targetHints":{"allow":["GET"]}}],"collection":[{"href":"https:\/\/3r-prev.com\/rai\/wp-json\/wp\/v2\/product"}],"about":[{"href":"https:\/\/3r-prev.com\/rai\/wp-json\/wp\/v2\/types\/product"}],"wp:featuredmedia":[{"embeddable":true,"href":"https:\/\/3r-prev.com\/rai\/wp-json\/wp\/v2\/media\/1311"}],"wp:attachment":[{"href":"https:\/\/3r-prev.com\/rai\/wp-json\/wp\/v2\/media?parent=1177"}],"wp:term":[{"taxonomy":"product_cat","embeddable":true,"href":"https:\/\/3r-prev.com\/rai\/wp-json\/wp\/v2\/product_cat?post=1177"},{"taxonomy":"product_tag","embeddable":true,"href":"https:\/\/3r-prev.com\/rai\/wp-json\/wp\/v2\/product_tag?post=1177"}],"curies":[{"name":"wp","href":"https:\/\/api.w.org\/{rel}","templated":true}]}}