{"id":4716,"date":"2024-04-16T08:49:45","date_gmt":"2024-04-16T06:49:45","guid":{"rendered":"https:\/\/3r-prev.com\/jea\/?post_type=product&#038;p=4716"},"modified":"2024-04-16T08:49:46","modified_gmt":"2024-04-16T06:49:46","slug":"porte-cartes-lucius","status":"publish","type":"product","link":"https:\/\/3r-prev.com\/jea\/product\/porte-cartes-lucius\/","title":{"rendered":"Porte-cartes Lucius"},"content":{"rendered":"","protected":false},"excerpt":{"rendered":"<p class=\"p1\">Le porte-cartes Lucius est ultra compacte et tient facilement dans une poche de jean. Con\u00e7u pour \u00eatre emmen\u00e9 partout et contenir seulement l\u2019essentiel, il peut contenir trois cartes.<\/p>\n<ul class=\"ul1\">\n<li class=\"li1\">Fait \u00e0 la main<\/li>\n<li class=\"li1\">Cuir revaloris\u00e9 issu de stocks de grandes maisons<\/li>\n<\/ul>\n<p class=\"p1\"><strong>Infos :<\/strong><\/p>\n<p class=\"p4\">Coloris du cuir sur demande<br \/>\nBouclerie: argent\u00e9e, dor\u00e9e, gunmetal ou bronze.<br \/>\nD\u00e9lais de livraison de 3 \u00e0 5 jours selon disponibilit\u00e9<\/p>\n","protected":false},"featured_media":4717,"template":"","meta":[],"product_cat":[82],"product_tag":[],"class_list":{"0":"post-4716","1":"product","2":"type-product","3":"status-publish","4":"has-post-thumbnail","6":"product_cat-porte-cartes","8":"first","9":"instock","10":"shipping-taxable","11":"purchasable","12":"product-type-simple"},"_links":{"self":[{"href":"https:\/\/3r-prev.com\/jea\/wp-json\/wp\/v2\/product\/4716","targetHints":{"allow":["GET"]}}],"collection":[{"href":"https:\/\/3r-prev.com\/jea\/wp-json\/wp\/v2\/product"}],"about":[{"href":"https:\/\/3r-prev.com\/jea\/wp-json\/wp\/v2\/types\/product"}],"wp:featuredmedia":[{"embeddable":true,"href":"https:\/\/3r-prev.com\/jea\/wp-json\/wp\/v2\/media\/4717"}],"wp:attachment":[{"href":"https:\/\/3r-prev.com\/jea\/wp-json\/wp\/v2\/media?parent=4716"}],"wp:term":[{"taxonomy":"product_cat","embeddable":true,"href":"https:\/\/3r-prev.com\/jea\/wp-json\/wp\/v2\/product_cat?post=4716"},{"taxonomy":"product_tag","embeddable":true,"href":"https:\/\/3r-prev.com\/jea\/wp-json\/wp\/v2\/product_tag?post=4716"}],"curies":[{"name":"wp","href":"https:\/\/api.w.org\/{rel}","templated":true}]}}