{"id":465,"date":"2023-05-16T13:16:13","date_gmt":"2023-05-16T13:16:13","guid":{"rendered":"https:\/\/formarta.qodeinteractive.com\/?post_type=product&#038;p=465"},"modified":"2024-04-16T09:07:25","modified_gmt":"2024-04-16T07:07:25","slug":"portefeuille-donnie","status":"publish","type":"product","link":"https:\/\/3r-prev.com\/jea\/product\/portefeuille-donnie\/","title":{"rendered":"Portefeuille Donnie"},"content":{"rendered":"","protected":false},"excerpt":{"rendered":"<p>Le portefeuille Donnie est un mod\u00e8le classique et intemporel. Il allie un cuir lisse ou grain\u00e9 et une doublure en cuir ou en alcantara. Il renferme un int\u00e9rieur spacieux compos\u00e9 d&rsquo;un compartiment ferm\u00e9 pour la monnaie et de 8 emplacements pour cartes ainsi que 2 autres compartiments pour billets ou papiers. Sa silhouette \u00e0 rabat est parfaite pour garder vos indispensables en s\u00e9curit\u00e9.<\/p>\n<ul>\n<li>Fait \u00e0 la main<\/li>\n<li>Cuir revaloris\u00e9 issu de stocks de grandes maisons<\/li>\n<li>Multiples poches<\/li>\n<\/ul>\n<p><strong>Infos :<\/strong><\/p>\n<ul>\n<li>Coloris du cuir sur demande<\/li>\n<li>Doublure cuir ou alcantara<\/li>\n<li>Bouclerie argent\u00e9e, dor\u00e9e, gunmetal ou bronze<\/li>\n<li>D\u00e9lai de r\u00e9alisation de 7 \u00e0 10 jours selon disponibilit\u00e9.<\/li>\n<\/ul>\n","protected":false},"featured_media":4669,"template":"","meta":[],"product_cat":[78],"product_tag":[58],"class_list":{"0":"post-465","1":"product","2":"type-product","3":"status-publish","4":"has-post-thumbnail","6":"product_cat-portefeuille","7":"product_tag-wood","9":"first","10":"instock","11":"shipping-taxable","12":"purchasable","13":"product-type-simple"},"_links":{"self":[{"href":"https:\/\/3r-prev.com\/jea\/wp-json\/wp\/v2\/product\/465","targetHints":{"allow":["GET"]}}],"collection":[{"href":"https:\/\/3r-prev.com\/jea\/wp-json\/wp\/v2\/product"}],"about":[{"href":"https:\/\/3r-prev.com\/jea\/wp-json\/wp\/v2\/types\/product"}],"wp:featuredmedia":[{"embeddable":true,"href":"https:\/\/3r-prev.com\/jea\/wp-json\/wp\/v2\/media\/4669"}],"wp:attachment":[{"href":"https:\/\/3r-prev.com\/jea\/wp-json\/wp\/v2\/media?parent=465"}],"wp:term":[{"taxonomy":"product_cat","embeddable":true,"href":"https:\/\/3r-prev.com\/jea\/wp-json\/wp\/v2\/product_cat?post=465"},{"taxonomy":"product_tag","embeddable":true,"href":"https:\/\/3r-prev.com\/jea\/wp-json\/wp\/v2\/product_tag?post=465"}],"curies":[{"name":"wp","href":"https:\/\/api.w.org\/{rel}","templated":true}]}}