{"id":9852,"date":"2021-01-13T15:21:26","date_gmt":"2021-01-13T14:21:26","guid":{"rendered":"https:\/\/3r-prev.com\/gba\/?post_type=product&#038;p=9852"},"modified":"2024-09-27T12:42:17","modified_gmt":"2024-09-27T10:42:17","slug":"dialogues","status":"publish","type":"product","link":"https:\/\/3r-prev.com\/gba\/produit\/dialogues\/","title":{"rendered":"SCHUITEN-DURIEUX &#8211; Dialogues"},"content":{"rendered":"<p>Edit\u00e9 par Barbier &amp; Mathon<\/p>\n<p>&nbsp;<\/p>\n<p>\u201cIl y a quelque chose de magnifique \u00e0 travailler ensemble \u00e0 faire rebondir les id\u00e9es, les tensions graphiques ou narratives.\u201d<br \/>\nFran\u00e7ois Schuiten<\/p>\n<p>&nbsp;<\/p>\n<p>Edit\u00e9 \u00e0 l\u2019occasion de l\u2019exposition\u00a0<em>Dialogues<\/em>\u00a0du 18 novembre 2016 au 7 janvier 2017, cet ouvrage revient sur la collaboration artistique entre les deux dessinateurs Fran\u00e7ois Schuiten et Laurent Durieux\u00a0: l\u2019un, grand ma\u00eetre de la bande dessin\u00e9e, l\u2019autre, virtuose du dessin d\u2019affiche.<\/p>\n<p>&nbsp;<\/p>\n<p>Parution novembre 2016<br \/>\nISBN\u2009: 978-2-919243-15-0<\/p>\n<p>&nbsp;<\/p>\n<p>Tirage limit\u00e9 de 350 exemplaires num\u00e9rot\u00e9s et sign\u00e9s par les deux artistes.<\/p>\n<p>&nbsp;<\/p>\n<p>En vente exclusivement \u00e0 la galerie Barbier.<\/p>\n<p>&nbsp;<\/p>\n<p>24 x 28\u00a0cm<br \/>\nCouverture rigide<br \/>\n64 pages en couleur<\/p>\n","protected":false},"excerpt":{"rendered":"<p>Edit\u00e9 par Barbier &amp; Mathon &nbsp; \u201cIl y a quelque chose de magnifique \u00e0 travailler ensemble \u00e0 faire rebondir les id\u00e9es, les tensions graphiques ou narratives.\u201d Fran\u00e7ois Schuiten &nbsp; Edit\u00e9<\/p>\n","protected":false},"featured_media":41187,"template":"","meta":{"_acf_changed":false},"product_cat":[19],"product_tag":[],"exhibition":[71],"artist":[72,73],"class_list":{"0":"post-9852","1":"product","2":"type-product","3":"status-publish","4":"has-post-thumbnail","6":"product_cat-livres","7":"exhibition-dialogues","8":"artist-francois-schuiten","9":"artist-laurent-durieux","11":"first","12":"instock","13":"shipping-taxable","14":"purchasable","15":"product-type-simple"},"acf":[],"_links":{"self":[{"href":"https:\/\/3r-prev.com\/gba\/wp-json\/wp\/v2\/product\/9852","targetHints":{"allow":["GET"]}}],"collection":[{"href":"https:\/\/3r-prev.com\/gba\/wp-json\/wp\/v2\/product"}],"about":[{"href":"https:\/\/3r-prev.com\/gba\/wp-json\/wp\/v2\/types\/product"}],"wp:featuredmedia":[{"embeddable":true,"href":"https:\/\/3r-prev.com\/gba\/wp-json\/wp\/v2\/media\/41187"}],"wp:attachment":[{"href":"https:\/\/3r-prev.com\/gba\/wp-json\/wp\/v2\/media?parent=9852"}],"wp:term":[{"taxonomy":"product_cat","embeddable":true,"href":"https:\/\/3r-prev.com\/gba\/wp-json\/wp\/v2\/product_cat?post=9852"},{"taxonomy":"product_tag","embeddable":true,"href":"https:\/\/3r-prev.com\/gba\/wp-json\/wp\/v2\/product_tag?post=9852"},{"taxonomy":"exhibition","embeddable":true,"href":"https:\/\/3r-prev.com\/gba\/wp-json\/wp\/v2\/exhibition?post=9852"},{"taxonomy":"artist","embeddable":true,"href":"https:\/\/3r-prev.com\/gba\/wp-json\/wp\/v2\/artist?post=9852"}],"curies":[{"name":"wp","href":"https:\/\/api.w.org\/{rel}","templated":true}]}}

<p>Edité par Barbier &amp; Mathon</p>
<p>&nbsp;</p>
<p>“Il y a quelque chose de magnifique à travailler ensemble à faire rebondir les idées, les tensions graphiques ou narratives.”<br />
François Schuiten</p>
<p>&nbsp;</p>
<p>Edité à l’occasion de l’exposition <em>Dialogues</em> du 18 novembre 2016 au 7 janvier 2017, cet ouvrage revient sur la collaboration artistique entre les deux dessinateurs François Schuiten et Laurent Durieux : l’un, grand maître de la bande dessinée, l’autre, virtuose du dessin d’affiche.</p>
<p>&nbsp;</p>
<p>Parution novembre 2016<br />
ISBN : 978-2-919243-15-0</p>
<p>&nbsp;</p>
<p>Tirage limité de 350 exemplaires numérotés et signés par les deux artistes.</p>
<p>&nbsp;</p>
<p>En vente exclusivement à la galerie Barbier.</p>
<p>&nbsp;</p>
<p>24 x 28 cm<br />
Couverture rigide<br />
64 pages en couleur</p>

<p>Edité par Barbier &amp; Mathon &nbsp; “Il y a quelque chose de magnifique à travailler ensemble à faire rebondir les idées, les tensions graphiques ou narratives.” François Schuiten &nbsp; Edité</p>
