{"id":9791,"date":"2021-01-13T14:16:20","date_gmt":"2021-01-13T13:16:20","guid":{"rendered":"https:\/\/3r-prev.com\/gba\/?post_type=product&#038;p=9791"},"modified":"2024-09-27T12:42:16","modified_gmt":"2024-09-27T10:42:16","slug":"periode-glaciaire-notes-et-croquis","status":"publish","type":"product","link":"https:\/\/3r-prev.com\/gba\/produit\/periode-glaciaire-notes-et-croquis\/","title":{"rendered":"NICOLAS DE CR\u00c9CY &#8211; P\u00e9riode glaciaire [Notes et croquis]"},"content":{"rendered":"<p><em>P\u00e9riode Glaciaire [notes et croquis]<\/em>\u00a0est consacr\u00e9 \u00e0 la g\u00e9n\u00e8se de l&rsquo;album de Nicolas de Cr\u00e9cy, prix des Libraires de Bande Dessin\u00e9e en 2006.<\/p>\n<p>&nbsp;<\/p>\n<p>Edit\u00e9 \u00e0 180 exemplaires num\u00e9rot\u00e9s et sign\u00e9s par l&rsquo;artiste, il rassemble une riche s\u00e9lection de croquis et d&rsquo;\u00e9tudes pr\u00e9paratoires, que viennent compl\u00e9ter une rigoureuse analyse critique de l&rsquo;album et un long entretien avec l&rsquo;auteur, r\u00e9alis\u00e9s par Marie Meyer.<\/p>\n<p>&nbsp;<\/p>\n<p>Format : 26 x 19 cm<br \/>\n58 pages, 41 illustrations couleurs<br \/>\nCouverture semi-rigide avec rabats<br \/>\nEditions BdArtist(e) &#8211; mars 2007<\/p>\n","protected":false},"excerpt":{"rendered":"<p>P\u00e9riode Glaciaire [notes et croquis]\u00a0est consacr\u00e9 \u00e0 la g\u00e9n\u00e8se de l&rsquo;album de Nicolas de Cr\u00e9cy, prix des Libraires de Bande Dessin\u00e9e en 2006. &nbsp; Edit\u00e9 \u00e0 180 exemplaires num\u00e9rot\u00e9s et<\/p>\n","protected":false},"featured_media":41186,"template":"","meta":{"_acf_changed":false},"product_cat":[19],"product_tag":[],"exhibition":[],"artist":[64],"class_list":{"0":"post-9791","1":"product","2":"type-product","3":"status-publish","4":"has-post-thumbnail","6":"product_cat-livres","7":"artist-nicolas-de-crecy","9":"first","10":"instock","11":"shipping-taxable","12":"purchasable","13":"product-type-simple"},"acf":[],"_links":{"self":[{"href":"https:\/\/3r-prev.com\/gba\/wp-json\/wp\/v2\/product\/9791","targetHints":{"allow":["GET"]}}],"collection":[{"href":"https:\/\/3r-prev.com\/gba\/wp-json\/wp\/v2\/product"}],"about":[{"href":"https:\/\/3r-prev.com\/gba\/wp-json\/wp\/v2\/types\/product"}],"wp:featuredmedia":[{"embeddable":true,"href":"https:\/\/3r-prev.com\/gba\/wp-json\/wp\/v2\/media\/41186"}],"wp:attachment":[{"href":"https:\/\/3r-prev.com\/gba\/wp-json\/wp\/v2\/media?parent=9791"}],"wp:term":[{"taxonomy":"product_cat","embeddable":true,"href":"https:\/\/3r-prev.com\/gba\/wp-json\/wp\/v2\/product_cat?post=9791"},{"taxonomy":"product_tag","embeddable":true,"href":"https:\/\/3r-prev.com\/gba\/wp-json\/wp\/v2\/product_tag?post=9791"},{"taxonomy":"exhibition","embeddable":true,"href":"https:\/\/3r-prev.com\/gba\/wp-json\/wp\/v2\/exhibition?post=9791"},{"taxonomy":"artist","embeddable":true,"href":"https:\/\/3r-prev.com\/gba\/wp-json\/wp\/v2\/artist?post=9791"}],"curies":[{"name":"wp","href":"https:\/\/api.w.org\/{rel}","templated":true}]}}

NICOLAS DE CRÉCY &#8211; Période glaciaire [Notes et croquis]

<p><em>Période Glaciaire [notes et croquis]</em> est consacré à la génèse de l&rsquo;album de Nicolas de Crécy, prix des Libraires de Bande Dessinée en 2006.</p>
<p>&nbsp;</p>
<p>Edité à 180 exemplaires numérotés et signés par l&rsquo;artiste, il rassemble une riche sélection de croquis et d&rsquo;études préparatoires, que viennent compléter une rigoureuse analyse critique de l&rsquo;album et un long entretien avec l&rsquo;auteur, réalisés par Marie Meyer.</p>
<p>&nbsp;</p>
<p>Format : 26 x 19 cm<br />
58 pages, 41 illustrations couleurs<br />
Couverture semi-rigide avec rabats<br />
Editions BdArtist(e) &#8211; mars 2007</p>

<p>Période Glaciaire [notes et croquis] est consacré à la génèse de l&rsquo;album de Nicolas de Crécy, prix des Libraires de Bande Dessinée en 2006. &nbsp; Edité à 180 exemplaires numérotés et</p>
