{"id":9778,"date":"2021-01-13T13:56:22","date_gmt":"2021-01-13T12:56:22","guid":{"rendered":"https:\/\/3r-prev.com\/gba\/?post_type=product&#038;p=9778"},"modified":"2024-09-27T12:42:13","modified_gmt":"2024-09-27T10:42:13","slug":"affiche-une-tete-blanche-sur-une-commode","status":"publish","type":"product","link":"https:\/\/3r-prev.com\/gba\/produit\/affiche-une-tete-blanche-sur-une-commode\/","title":{"rendered":"NICOLAS DE CR\u00c9CY &#8211; Affiche exposition &#8211; Une t\u00eate blanche sur une commode"},"content":{"rendered":"<p>A l\u2019occasion de l\u2019exposition de Nicolas de Cr\u00e9cy<em> Une t\u00eate blanche sur une commode<\/em>, la galerie \u00e9dite une affiche reprenant l\u2019un des dessins expos\u00e9s.<\/p>\n<p>&nbsp;<\/p>\n<p>Format\u00a0: 40 x 50\u00a0cm<br \/>\nImprim\u00e9 sur papier minken pure 300\u00a0g<\/p>\n","protected":false},"excerpt":{"rendered":"<p>A l\u2019occasion de l\u2019exposition de Nicolas de Cr\u00e9cy Une t\u00eate blanche sur une commode, la galerie \u00e9dite une affiche reprenant l\u2019un des dessins expos\u00e9s. &nbsp; Format\u00a0: 40 x 50\u00a0cm Imprim\u00e9<\/p>\n","protected":false},"featured_media":41181,"template":"","meta":{"_acf_changed":false},"product_cat":[20],"product_tag":[],"exhibition":[67],"artist":[64],"class_list":{"0":"post-9778","1":"product","2":"type-product","3":"status-publish","4":"has-post-thumbnail","6":"product_cat-tirages-dart","7":"exhibition-une-tete-blanche-sur-une-commode","8":"artist-nicolas-de-crecy","10":"first","11":"outofstock","12":"shipping-taxable","13":"purchasable","14":"product-type-simple"},"acf":[],"_links":{"self":[{"href":"https:\/\/3r-prev.com\/gba\/wp-json\/wp\/v2\/product\/9778","targetHints":{"allow":["GET"]}}],"collection":[{"href":"https:\/\/3r-prev.com\/gba\/wp-json\/wp\/v2\/product"}],"about":[{"href":"https:\/\/3r-prev.com\/gba\/wp-json\/wp\/v2\/types\/product"}],"wp:featuredmedia":[{"embeddable":true,"href":"https:\/\/3r-prev.com\/gba\/wp-json\/wp\/v2\/media\/41181"}],"wp:attachment":[{"href":"https:\/\/3r-prev.com\/gba\/wp-json\/wp\/v2\/media?parent=9778"}],"wp:term":[{"taxonomy":"product_cat","embeddable":true,"href":"https:\/\/3r-prev.com\/gba\/wp-json\/wp\/v2\/product_cat?post=9778"},{"taxonomy":"product_tag","embeddable":true,"href":"https:\/\/3r-prev.com\/gba\/wp-json\/wp\/v2\/product_tag?post=9778"},{"taxonomy":"exhibition","embeddable":true,"href":"https:\/\/3r-prev.com\/gba\/wp-json\/wp\/v2\/exhibition?post=9778"},{"taxonomy":"artist","embeddable":true,"href":"https:\/\/3r-prev.com\/gba\/wp-json\/wp\/v2\/artist?post=9778"}],"curies":[{"name":"wp","href":"https:\/\/api.w.org\/{rel}","templated":true}]}}

NICOLAS DE CRÉCY &#8211; Affiche exposition &#8211; Une tête blanche sur une commode

<p>A l’occasion de l’exposition de Nicolas de Crécy<em> Une tête blanche sur une commode</em>, la galerie édite une affiche reprenant l’un des dessins exposés.</p>
<p>&nbsp;</p>
<p>Format : 40 x 50 cm<br />
Imprimé sur papier minken pure 300 g</p>

<p>A l’occasion de l’exposition de Nicolas de Crécy Une tête blanche sur une commode, la galerie édite une affiche reprenant l’un des dessins exposés. &nbsp; Format : 40 x 50 cm Imprimé</p>
