{"id":9774,"date":"2021-01-13T13:48:19","date_gmt":"2021-01-13T12:48:19","guid":{"rendered":"https:\/\/3r-prev.com\/gba\/?post_type=product&#038;p=9774"},"modified":"2024-09-27T12:42:12","modified_gmt":"2024-09-27T10:42:12","slug":"portfolio-une-tete-blanche-sur-une-commode","status":"publish","type":"product","link":"https:\/\/3r-prev.com\/gba\/produit\/portfolio-une-tete-blanche-sur-une-commode\/","title":{"rendered":"NICOLAS DE CR\u00c9CY &#8211; Portfolio &#8211; Une t\u00eate blanche sur une commode"},"content":{"rendered":"<p>A l\u2019occasion de l\u2019exposition de Nicolas de Cr\u00e9cy <em>Une t\u00eate blanche sur une commode<\/em>, la galerie Barbier &amp; Mathon \u00e9dite sous forme de coffret un portfolio sign\u00e9, compos\u00e9 de vingt images reprenant les dessins expos\u00e9s, accompagn\u00e9 d\u2019un texte et tir\u00e9 \u00e0 140 exemplaires.<\/p>\n<p>&nbsp;<\/p>\n<p>Un objet rare donc, pour plonger et replonger \u00e0 loisir dans les m\u00e9andres d\u2019un imaginaire d\u00e9cid\u00e9ment hors du commun.<\/p>\n<p>&nbsp;<\/p>\n<p><em>Une t\u00eate blanche sur une commode<\/em><br \/>\nPortfolio de 20 cartes postales<br \/>\nSign\u00e9 et num\u00e9rot\u00e9.<br \/>\nTirage limit\u00e9 \u00e0 140 exemplaires<br \/>\n\u00c9ditions Barbier-Mathon, 2013<\/p>\n<p>&nbsp;<\/p>\n<p>En vente exclusivement \u00e0 la galerie.<\/p>\n","protected":false},"excerpt":{"rendered":"<p>A l\u2019occasion de l\u2019exposition de Nicolas de Cr\u00e9cy Une t\u00eate blanche sur une commode, la galerie Barbier &amp; Mathon \u00e9dite sous forme de coffret un portfolio sign\u00e9, compos\u00e9 de vingt<\/p>\n","protected":false},"featured_media":41178,"template":"","meta":{"_acf_changed":false},"product_cat":[19],"product_tag":[],"exhibition":[67],"artist":[64],"class_list":{"0":"post-9774","1":"product","2":"type-product","3":"status-publish","4":"has-post-thumbnail","6":"product_cat-livres","7":"exhibition-une-tete-blanche-sur-une-commode","8":"artist-nicolas-de-crecy","10":"first","11":"instock","12":"shipping-taxable","13":"purchasable","14":"product-type-simple"},"acf":[],"_links":{"self":[{"href":"https:\/\/3r-prev.com\/gba\/wp-json\/wp\/v2\/product\/9774","targetHints":{"allow":["GET"]}}],"collection":[{"href":"https:\/\/3r-prev.com\/gba\/wp-json\/wp\/v2\/product"}],"about":[{"href":"https:\/\/3r-prev.com\/gba\/wp-json\/wp\/v2\/types\/product"}],"wp:featuredmedia":[{"embeddable":true,"href":"https:\/\/3r-prev.com\/gba\/wp-json\/wp\/v2\/media\/41178"}],"wp:attachment":[{"href":"https:\/\/3r-prev.com\/gba\/wp-json\/wp\/v2\/media?parent=9774"}],"wp:term":[{"taxonomy":"product_cat","embeddable":true,"href":"https:\/\/3r-prev.com\/gba\/wp-json\/wp\/v2\/product_cat?post=9774"},{"taxonomy":"product_tag","embeddable":true,"href":"https:\/\/3r-prev.com\/gba\/wp-json\/wp\/v2\/product_tag?post=9774"},{"taxonomy":"exhibition","embeddable":true,"href":"https:\/\/3r-prev.com\/gba\/wp-json\/wp\/v2\/exhibition?post=9774"},{"taxonomy":"artist","embeddable":true,"href":"https:\/\/3r-prev.com\/gba\/wp-json\/wp\/v2\/artist?post=9774"}],"curies":[{"name":"wp","href":"https:\/\/api.w.org\/{rel}","templated":true}]}}

NICOLAS DE CRÉCY &#8211; Portfolio &#8211; Une tête blanche sur une commode

<p>A l’occasion de l’exposition de Nicolas de Crécy <em>Une tête blanche sur une commode</em>, la galerie Barbier &amp; Mathon édite sous forme de coffret un portfolio signé, composé de vingt images reprenant les dessins exposés, accompagné d’un texte et tiré à 140 exemplaires.</p>
<p>&nbsp;</p>
<p>Un objet rare donc, pour plonger et replonger à loisir dans les méandres d’un imaginaire décidément hors du commun.</p>
<p>&nbsp;</p>
<p><em>Une tête blanche sur une commode</em><br />
Portfolio de 20 cartes postales<br />
Signé et numéroté.<br />
Tirage limité à 140 exemplaires<br />
Éditions Barbier-Mathon, 2013</p>
<p>&nbsp;</p>
<p>En vente exclusivement à la galerie.</p>

<p>A l’occasion de l’exposition de Nicolas de Crécy Une tête blanche sur une commode, la galerie Barbier &amp; Mathon édite sous forme de coffret un portfolio signé, composé de vingt</p>
