{"id":9676,"date":"2021-01-12T14:54:13","date_gmt":"2021-01-12T13:54:13","guid":{"rendered":"https:\/\/3r-prev.com\/gba\/?post_type=product&#038;p=9676"},"modified":"2024-09-27T12:42:08","modified_gmt":"2024-09-27T10:42:08","slug":"serigraphie-serge-clerc","status":"publish","type":"product","link":"https:\/\/3r-prev.com\/gba\/produit\/serigraphie-serge-clerc\/","title":{"rendered":"SERGE CLERC &#8211; S\u00e9rigraphie"},"content":{"rendered":"<p><strong>Serge Clerc<\/strong><br \/>\n5 passages couleur<br \/>\nFormat est 50 x 70 cm (livr\u00e9e sans encadrement)<br \/>\nNum\u00e9rot\u00e9e \u00e0 75 exemplaires et sign\u00e9e par l&rsquo;artiste<br \/>\nSur papier Arches BFK Rives 250 grammes<\/p>\n","protected":false},"excerpt":{"rendered":"<p>Serge Clerc 5 passages couleur Format est 50 x 70 cm (livr\u00e9e sans encadrement) Num\u00e9rot\u00e9e \u00e0 75 exemplaires et sign\u00e9e par l&rsquo;artiste Sur papier Arches BFK Rives 250 grammes<\/p>\n","protected":false},"featured_media":41172,"template":"","meta":{"_acf_changed":false},"product_cat":[20],"product_tag":[],"exhibition":[],"artist":[57],"class_list":{"0":"post-9676","1":"product","2":"type-product","3":"status-publish","4":"has-post-thumbnail","6":"product_cat-tirages-dart","7":"artist-serge-clerc","9":"first","10":"instock","11":"shipping-taxable","12":"purchasable","13":"product-type-simple"},"acf":[],"_links":{"self":[{"href":"https:\/\/3r-prev.com\/gba\/wp-json\/wp\/v2\/product\/9676","targetHints":{"allow":["GET"]}}],"collection":[{"href":"https:\/\/3r-prev.com\/gba\/wp-json\/wp\/v2\/product"}],"about":[{"href":"https:\/\/3r-prev.com\/gba\/wp-json\/wp\/v2\/types\/product"}],"wp:featuredmedia":[{"embeddable":true,"href":"https:\/\/3r-prev.com\/gba\/wp-json\/wp\/v2\/media\/41172"}],"wp:attachment":[{"href":"https:\/\/3r-prev.com\/gba\/wp-json\/wp\/v2\/media?parent=9676"}],"wp:term":[{"taxonomy":"product_cat","embeddable":true,"href":"https:\/\/3r-prev.com\/gba\/wp-json\/wp\/v2\/product_cat?post=9676"},{"taxonomy":"product_tag","embeddable":true,"href":"https:\/\/3r-prev.com\/gba\/wp-json\/wp\/v2\/product_tag?post=9676"},{"taxonomy":"exhibition","embeddable":true,"href":"https:\/\/3r-prev.com\/gba\/wp-json\/wp\/v2\/exhibition?post=9676"},{"taxonomy":"artist","embeddable":true,"href":"https:\/\/3r-prev.com\/gba\/wp-json\/wp\/v2\/artist?post=9676"}],"curies":[{"name":"wp","href":"https:\/\/api.w.org\/{rel}","templated":true}]}}