{"id":9664,"date":"2021-01-12T14:42:24","date_gmt":"2021-01-12T13:42:24","guid":{"rendered":"https:\/\/3r-prev.com\/gba\/?post_type=product&#038;p=9664"},"modified":"2024-09-27T12:42:07","modified_gmt":"2024-09-27T10:42:07","slug":"terry-et-les-pirates-vol-1","status":"publish","type":"product","link":"https:\/\/3r-prev.com\/gba\/produit\/terry-et-les-pirates-vol-1\/","title":{"rendered":"MILTON CANIFF &#8211; Terry et les Pirates vol.1"},"content":{"rendered":"<p>La galerie publie le premier volume de<em>\u00a0Terry et les Pirates<\/em>\u00a0disponible dans toutes les librairies.<br \/>\nIl d\u00e9marre une collection de 6 recueils qui regrouperont pour la premi\u00e8re fois en France l\u2019int\u00e9gralit\u00e9 des strips du<em>\u00a0Terry et les Pirates<\/em>\u00a0de Milton Caniff.<br \/>\nDans une \u00e9dition luxueuse compilant les ann\u00e9es 1934 \u00e0 1936, ce volume 1 contient en bonus une galerie exclusive d\u2019hommages dessin\u00e9s par les plus grandes signatures de la bande dessin\u00e9e contemporaine- Avril, Boucq, Charles Berberian, Serge Clerc, Andr\u00e9 Juillard, Nicolas de Cr\u00e9cy, Floc\u2019h, Guy Davis.<\/p>\n<p>&nbsp;<\/p>\n<p>22.5 x 29\u00a0cm<br \/>\n376 pages en quadrichromie.<\/p>\n","protected":false},"excerpt":{"rendered":"<p>La galerie publie le premier volume de\u00a0Terry et les Pirates\u00a0disponible dans toutes les librairies. Il d\u00e9marre une collection de 6 recueils qui regrouperont pour la premi\u00e8re fois en France l\u2019int\u00e9gralit\u00e9<\/p>\n","protected":false},"featured_media":41169,"template":"","meta":{"_acf_changed":false},"product_cat":[19],"product_tag":[],"exhibition":[55],"artist":[56],"class_list":{"0":"post-9664","1":"product","2":"type-product","3":"status-publish","4":"has-post-thumbnail","6":"product_cat-livres","7":"exhibition-terry-les-pirates","8":"artist-milton-caniff","10":"first","11":"instock","12":"shipping-taxable","13":"purchasable","14":"product-type-simple"},"acf":[],"_links":{"self":[{"href":"https:\/\/3r-prev.com\/gba\/wp-json\/wp\/v2\/product\/9664","targetHints":{"allow":["GET"]}}],"collection":[{"href":"https:\/\/3r-prev.com\/gba\/wp-json\/wp\/v2\/product"}],"about":[{"href":"https:\/\/3r-prev.com\/gba\/wp-json\/wp\/v2\/types\/product"}],"wp:featuredmedia":[{"embeddable":true,"href":"https:\/\/3r-prev.com\/gba\/wp-json\/wp\/v2\/media\/41169"}],"wp:attachment":[{"href":"https:\/\/3r-prev.com\/gba\/wp-json\/wp\/v2\/media?parent=9664"}],"wp:term":[{"taxonomy":"product_cat","embeddable":true,"href":"https:\/\/3r-prev.com\/gba\/wp-json\/wp\/v2\/product_cat?post=9664"},{"taxonomy":"product_tag","embeddable":true,"href":"https:\/\/3r-prev.com\/gba\/wp-json\/wp\/v2\/product_tag?post=9664"},{"taxonomy":"exhibition","embeddable":true,"href":"https:\/\/3r-prev.com\/gba\/wp-json\/wp\/v2\/exhibition?post=9664"},{"taxonomy":"artist","embeddable":true,"href":"https:\/\/3r-prev.com\/gba\/wp-json\/wp\/v2\/artist?post=9664"}],"curies":[{"name":"wp","href":"https:\/\/api.w.org\/{rel}","templated":true}]}}

<p>La galerie publie le premier volume de<em> Terry et les Pirates</em> disponible dans toutes les librairies.<br />
Il démarre une collection de 6 recueils qui regrouperont pour la première fois en France l’intégralité des strips du<em> Terry et les Pirates</em> de Milton Caniff.<br />
Dans une édition luxueuse compilant les années 1934 à 1936, ce volume 1 contient en bonus une galerie exclusive d’hommages dessinés par les plus grandes signatures de la bande dessinée contemporaine- Avril, Boucq, Charles Berberian, Serge Clerc, André Juillard, Nicolas de Crécy, Floc’h, Guy Davis.</p>
<p>&nbsp;</p>
<p>22.5 x 29 cm<br />
376 pages en quadrichromie.</p>

<p>La galerie publie le premier volume de Terry et les Pirates disponible dans toutes les librairies. Il démarre une collection de 6 recueils qui regrouperont pour la première fois en France l’intégralité</p>
