{"id":41690,"date":"2024-09-13T16:08:50","date_gmt":"2024-09-13T14:08:50","guid":{"rendered":"https:\/\/3r-prev.com\/gba\/?post_type=product&#038;p=41690"},"modified":"2024-09-27T12:44:13","modified_gmt":"2024-09-27T10:44:13","slug":"dominique-bertail-tirage-de-luxe-madeleine-resistante-tome-3-les-nouilles-a-la-tomate","status":"publish","type":"product","link":"https:\/\/3r-prev.com\/gba\/produit\/dominique-bertail-tirage-de-luxe-madeleine-resistante-tome-3-les-nouilles-a-la-tomate\/","title":{"rendered":"DOMINIQUE BERTAIL &#8211; Tirage de luxe &#8211; Madeleine, R\u00e9sistante &#8211; Tome 3. Les nouilles \u00e0 la tomate"},"content":{"rendered":"<p class=\"p1\">\u00c9dit\u00e9 par les \u00c9ditions Barbier \u00e0 l\u2019occasion de l\u2019exposition \u201c<i>Madeleine, R\u00e9sistante.<\/i> Tome 3. <i>Les nouilles \u00e0 la tomate<\/i>\u201d du 26 septembre au 2 novembre 2024.<\/p>\n<p class=\"p1\">D\u00e9couvrez le tirage de luxe limit\u00e9 du tome 3 de <i>Madeleine, R\u00e9sistante<\/i> propos\u00e9 par les \u00c9ditions Barbier, une \u00e9dition exclusive limit\u00e9e \u00e0 seulement 180 exemplaires accompagn\u00e9e d&rsquo;un exlibris en s\u00e9rigraphie in\u00e9dit sign\u00e9 et num\u00e9rot\u00e9 par l&rsquo;artiste. Cette \u00e9dition reprend la version publi\u00e9e dans la collection Aire Libre chez Dupuis, en grand format, avec une couverture in\u00e9dite r\u00e9alis\u00e9e par Dominique Bertail. L&rsquo;ouvrage comprend \u00e9galement une quarantaine de pages additionnelles d\u00e9voilant des esquisses in\u00e9dites, des croquis pr\u00e9paratoires et des documents d\u2019archives enrichissants pour une immersion totale.<\/p>\n<p class=\"p1\">*** <i>1944. Madeleine &#8211; r\u00e9sistante, nom de code \u00ab Rainer \u00bb &#8211; est arr\u00eat\u00e9e apr\u00e8s avoir abattu un officier nazi. Un crime \u00ab terroriste \u00bb, qui la condamne aux terribles interrogatoires des Brigades sp\u00e9ciales, la police de Vichy. Et plus particuli\u00e8rement \u00e0 ceux du commissaire Fernand David &#8211; \u00ab David les Mains Rouges \u00bb, traqueur d&rsquo;\u00ab ennemis int\u00e9rieurs \u00bb tels que les FTP-MOI du groupe Manouchian. Un pr\u00e9ambule aux interrogatoires nazis, puis au terrifiant quotidien de la prison de Fresnes, avec pour seule \u00e9chappatoire la perspective d&rsquo;\u00eatre fusill\u00e9e&#8230; Tortur\u00e9e, encore et encore, Madeleine va-t-elle tenir, alors qu&rsquo;\u00e0 Paris bruissent des rumeurs sur la Lib\u00e9ration ?<\/i>***<\/p>\n<p>Visuel de la s\u00e9rigraphie : visuel provisoire<\/p>\n<p>\u00c9ditions Barbier<br \/>\nParution : 26 septembre 2024 &#8211; PR\u00c9COMMANDES POSSIBLES<br \/>\n26 x 36 cm<br \/>\nISBN : 978-2-494377-22-6<br \/>\n168 pages.<br \/>\nCouverture cartonn\u00e9e.<\/p>\n<p>&nbsp;<\/p>\n<p>&nbsp;<\/p>\n","protected":false},"excerpt":{"rendered":"<p>\u00c9dit\u00e9 par les \u00c9ditions Barbier \u00e0 l\u2019occasion de l\u2019exposition \u201cMadeleine, R\u00e9sistante. Tome 3. Les nouilles \u00e0 la tomate\u201d du 26 septembre au 2 novembre 2024. D\u00e9couvrez le tirage de luxe<\/p>\n","protected":false},"featured_media":41691,"template":"","meta":{"_acf_changed":false},"product_cat":[19],"product_tag":[],"exhibition":[276],"artist":[188,192],"class_list":{"0":"post-41690","1":"product","2":"type-product","3":"status-publish","4":"has-post-thumbnail","6":"product_cat-livres","7":"exhibition-madeleine-resistante-les-nouilles-a-la-tomate","8":"artist-dominique-bertail","9":"artist-nouveautes","11":"first","12":"instock","13":"shipping-taxable","14":"purchasable","15":"product-type-simple"},"acf":[],"_links":{"self":[{"href":"https:\/\/3r-prev.com\/gba\/wp-json\/wp\/v2\/product\/41690","targetHints":{"allow":["GET"]}}],"collection":[{"href":"https:\/\/3r-prev.com\/gba\/wp-json\/wp\/v2\/product"}],"about":[{"href":"https:\/\/3r-prev.com\/gba\/wp-json\/wp\/v2\/types\/product"}],"wp:featuredmedia":[{"embeddable":true,"href":"https:\/\/3r-prev.com\/gba\/wp-json\/wp\/v2\/media\/41691"}],"wp:attachment":[{"href":"https:\/\/3r-prev.com\/gba\/wp-json\/wp\/v2\/media?parent=41690"}],"wp:term":[{"taxonomy":"product_cat","embeddable":true,"href":"https:\/\/3r-prev.com\/gba\/wp-json\/wp\/v2\/product_cat?post=41690"},{"taxonomy":"product_tag","embeddable":true,"href":"https:\/\/3r-prev.com\/gba\/wp-json\/wp\/v2\/product_tag?post=41690"},{"taxonomy":"exhibition","embeddable":true,"href":"https:\/\/3r-prev.com\/gba\/wp-json\/wp\/v2\/exhibition?post=41690"},{"taxonomy":"artist","embeddable":true,"href":"https:\/\/3r-prev.com\/gba\/wp-json\/wp\/v2\/artist?post=41690"}],"curies":[{"name":"wp","href":"https:\/\/api.w.org\/{rel}","templated":true}]}}

DOMINIQUE BERTAIL &#8211; Tirage de luxe &#8211; Madeleine, Résistante &#8211; Tome 3. Les nouilles à la tomate

<p class="p1">Édité par les Éditions Barbier à l’occasion de l’exposition “<i>Madeleine, Résistante.</i> Tome 3. <i>Les nouilles à la tomate</i>” du 26 septembre au 2 novembre 2024.</p>
<p class="p1">Découvrez le tirage de luxe limité du tome 3 de <i>Madeleine, Résistante</i> proposé par les Éditions Barbier, une édition exclusive limitée à seulement 180 exemplaires accompagnée d&rsquo;un exlibris en sérigraphie inédit signé et numéroté par l&rsquo;artiste. Cette édition reprend la version publiée dans la collection Aire Libre chez Dupuis, en grand format, avec une couverture inédite réalisée par Dominique Bertail. L&rsquo;ouvrage comprend également une quarantaine de pages additionnelles dévoilant des esquisses inédites, des croquis préparatoires et des documents d’archives enrichissants pour une immersion totale.</p>
<p class="p1">*** <i>1944. Madeleine &#8211; résistante, nom de code « Rainer » &#8211; est arrêtée après avoir abattu un officier nazi. Un crime « terroriste », qui la condamne aux terribles interrogatoires des Brigades spéciales, la police de Vichy. Et plus particulièrement à ceux du commissaire Fernand David &#8211; « David les Mains Rouges », traqueur d&rsquo;« ennemis intérieurs » tels que les FTP-MOI du groupe Manouchian. Un préambule aux interrogatoires nazis, puis au terrifiant quotidien de la prison de Fresnes, avec pour seule échappatoire la perspective d&rsquo;être fusillée&#8230; Torturée, encore et encore, Madeleine va-t-elle tenir, alors qu&rsquo;à Paris bruissent des rumeurs sur la Libération ?</i>***</p>
<p>Visuel de la sérigraphie : visuel provisoire</p>
<p>Éditions Barbier<br />
Parution : 26 septembre 2024 &#8211; PRÉCOMMANDES POSSIBLES<br />
26 x 36 cm<br />
ISBN : 978-2-494377-22-6<br />
168 pages.<br />
Couverture cartonnée.</p>
<p>&nbsp;</p>
<p>&nbsp;</p>

<p>Édité par les Éditions Barbier à l’occasion de l’exposition “Madeleine, Résistante. Tome 3. Les nouilles à la tomate” du 26 septembre au 2 novembre 2024. Découvrez le tirage de luxe</p>
