{"id":41680,"date":"2023-11-15T15:22:05","date_gmt":"2023-11-15T14:22:05","guid":{"rendered":"https:\/\/3r-prev.com\/gba\/?post_type=product&#038;p=41680"},"modified":"2024-09-27T12:44:11","modified_gmt":"2024-09-27T10:44:11","slug":"dominique-bertail-tirage-de-luxe-madeleine-resistante-tome-2-ledredon-rouge","status":"publish","type":"product","link":"https:\/\/3r-prev.com\/gba\/produit\/dominique-bertail-tirage-de-luxe-madeleine-resistante-tome-2-ledredon-rouge\/","title":{"rendered":"DOMINIQUE BERTAIL &#8211; Tirage de luxe &#8211; Madeleine, R\u00e9sistante &#8211; Tome 2. L&rsquo;\u00e9dredon rouge"},"content":{"rendered":"<p>La galerie publie une \u00e9dition de luxe de\u00a0<em>Madeleine, R\u00e9sistante. Tome 2.<\/em>\u00a0<em>L&rsquo;\u00e9dredon rouge<\/em><\/p>\n<p>L&rsquo;ouvrage reprend la version publi\u00e9e dans la collection Aire Libre chez Dupuis, au format des planches originales, avec une couverture in\u00e9dite et enrichie d&rsquo;un cahier graphique de cinquante-quatre pages.<br \/>\nTirage limit\u00e9 \u00e0 180 exemplaires num\u00e9rot\u00e9s, accompagn\u00e9s d&rsquo;une s\u00e9rigraphie in\u00e9dite num\u00e9rot\u00e9e et sign\u00e9e par l&rsquo;artiste. En vente exclusivement \u00e0 la galerie Barbier.<\/p>\n<p>***Si le premier tome racontait l\u2019enfance de Madeleine et le d\u00e9but de la guerre, ce second tome nous plonge dans les heures sombres de l\u2019occupation et des strat\u00e9gies mises en place par la R\u00e9sistance. Co-sc\u00e9naris\u00e9 par Jean-David Morvan et Madeleine Riffaud \u00e0 partir de centaines d\u2019heures d\u2019entretiens, Dominique Bertail r\u00e9alise avec brio le portrait d\u2019un destin et d\u2019une \u00e9poque exceptionnels. Enti\u00e8rement dessin\u00e9 dans des tons bleus caract\u00e9ristiques de la s\u00e9rie, ce nouvel album marque une nouvelle fois par son souci du d\u00e9tail et sa capacit\u00e9 \u00e0 incarner un personnage hors du commun, \u00e0 la fois r\u00e9sistante, po\u00e9tesse, aventuri\u00e8re, journaliste\u2026<span class=\"Apple-converted-space\">***<\/span><\/p>\n<p>\u00c9ditions Barbier<br \/>\nParution : 23 novembre 2023 &#8211; PR\u00c9COMMANDES POSSIBLES<br \/>\nISBN : 978-2-494377-09-7<br \/>\n192 pages.<br \/>\n26 x 36 cm.<br \/>\nCouverture cartonn\u00e9e.<\/p>\n<p>&nbsp;<\/p>\n<p>&nbsp;<\/p>\n","protected":false},"excerpt":{"rendered":"<p>La galerie publie une \u00e9dition de luxe de\u00a0Madeleine, R\u00e9sistante. Tome 2.\u00a0L&rsquo;\u00e9dredon rouge L&rsquo;ouvrage reprend la version publi\u00e9e dans la collection Aire Libre chez Dupuis, au format des planches originales, avec<\/p>\n","protected":false},"featured_media":41681,"template":"","meta":{"_acf_changed":false},"product_cat":[19],"product_tag":[],"exhibition":[204],"artist":[188,192],"class_list":{"0":"post-41680","1":"product","2":"type-product","3":"status-publish","4":"has-post-thumbnail","6":"product_cat-livres","7":"exhibition-madeleine-resistante-ledredon-rouge","8":"artist-dominique-bertail","9":"artist-nouveautes","11":"first","12":"instock","13":"shipping-taxable","14":"purchasable","15":"product-type-simple"},"acf":[],"_links":{"self":[{"href":"https:\/\/3r-prev.com\/gba\/wp-json\/wp\/v2\/product\/41680","targetHints":{"allow":["GET"]}}],"collection":[{"href":"https:\/\/3r-prev.com\/gba\/wp-json\/wp\/v2\/product"}],"about":[{"href":"https:\/\/3r-prev.com\/gba\/wp-json\/wp\/v2\/types\/product"}],"wp:featuredmedia":[{"embeddable":true,"href":"https:\/\/3r-prev.com\/gba\/wp-json\/wp\/v2\/media\/41681"}],"wp:attachment":[{"href":"https:\/\/3r-prev.com\/gba\/wp-json\/wp\/v2\/media?parent=41680"}],"wp:term":[{"taxonomy":"product_cat","embeddable":true,"href":"https:\/\/3r-prev.com\/gba\/wp-json\/wp\/v2\/product_cat?post=41680"},{"taxonomy":"product_tag","embeddable":true,"href":"https:\/\/3r-prev.com\/gba\/wp-json\/wp\/v2\/product_tag?post=41680"},{"taxonomy":"exhibition","embeddable":true,"href":"https:\/\/3r-prev.com\/gba\/wp-json\/wp\/v2\/exhibition?post=41680"},{"taxonomy":"artist","embeddable":true,"href":"https:\/\/3r-prev.com\/gba\/wp-json\/wp\/v2\/artist?post=41680"}],"curies":[{"name":"wp","href":"https:\/\/api.w.org\/{rel}","templated":true}]}}