{"id":41664,"date":"2022-03-15T15:07:43","date_gmt":"2022-03-15T14:07:43","guid":{"rendered":"https:\/\/3r-prev.com\/gba\/?post_type=product&#038;p=41664"},"modified":"2024-09-27T12:44:08","modified_gmt":"2024-09-27T10:44:08","slug":"vince-gorgones-skateboard-3","status":"publish","type":"product","link":"https:\/\/3r-prev.com\/gba\/produit\/vince-gorgones-skateboard-3\/","title":{"rendered":"VINCE &#8211; Gorgones &#8211; skateboard Brutus bumpers"},"content":{"rendered":"<p><strong>Brutus bumpers<\/strong><\/p>\n<p>&nbsp;<\/p>\n<p>Planche de skateboard dessin\u00e9e par Vince<br \/>\nImpression sur planche 7 plis d&rsquo;\u00e9rable.<br \/>\n\u00c9dition limit\u00e9e \u00e0 30 exemplaires num\u00e9rot\u00e9s et sign\u00e9s par l&rsquo;artiste.<\/p>\n<p>&nbsp;<\/p>\n","protected":false},"excerpt":{"rendered":"<p>Brutus bumpers &nbsp; Planche de skateboard dessin\u00e9e par Vince Impression sur planche 7 plis d&rsquo;\u00e9rable. \u00c9dition limit\u00e9e \u00e0 30 exemplaires num\u00e9rot\u00e9s et sign\u00e9s par l&rsquo;artiste. &nbsp;<\/p>\n","protected":false},"featured_media":41665,"template":"","meta":{"_acf_changed":false},"product_cat":[20],"product_tag":[],"exhibition":[216],"artist":[190],"class_list":{"0":"post-41664","1":"product","2":"type-product","3":"status-publish","4":"has-post-thumbnail","6":"product_cat-tirages-dart","7":"exhibition-gorgones","8":"artist-vince","10":"first","11":"instock","12":"shipping-taxable","13":"purchasable","14":"product-type-simple"},"acf":[],"_links":{"self":[{"href":"https:\/\/3r-prev.com\/gba\/wp-json\/wp\/v2\/product\/41664","targetHints":{"allow":["GET"]}}],"collection":[{"href":"https:\/\/3r-prev.com\/gba\/wp-json\/wp\/v2\/product"}],"about":[{"href":"https:\/\/3r-prev.com\/gba\/wp-json\/wp\/v2\/types\/product"}],"wp:featuredmedia":[{"embeddable":true,"href":"https:\/\/3r-prev.com\/gba\/wp-json\/wp\/v2\/media\/41665"}],"wp:attachment":[{"href":"https:\/\/3r-prev.com\/gba\/wp-json\/wp\/v2\/media?parent=41664"}],"wp:term":[{"taxonomy":"product_cat","embeddable":true,"href":"https:\/\/3r-prev.com\/gba\/wp-json\/wp\/v2\/product_cat?post=41664"},{"taxonomy":"product_tag","embeddable":true,"href":"https:\/\/3r-prev.com\/gba\/wp-json\/wp\/v2\/product_tag?post=41664"},{"taxonomy":"exhibition","embeddable":true,"href":"https:\/\/3r-prev.com\/gba\/wp-json\/wp\/v2\/exhibition?post=41664"},{"taxonomy":"artist","embeddable":true,"href":"https:\/\/3r-prev.com\/gba\/wp-json\/wp\/v2\/artist?post=41664"}],"curies":[{"name":"wp","href":"https:\/\/api.w.org\/{rel}","templated":true}]}}