{"id":41656,"date":"2021-05-27T14:29:02","date_gmt":"2021-05-27T12:29:02","guid":{"rendered":"https:\/\/3r-prev.com\/gba\/?post_type=product&#038;p=41656"},"modified":"2024-09-27T12:44:05","modified_gmt":"2024-09-27T10:44:05","slug":"milton-caniff-terry-et-les-pirates-vol-6","status":"publish","type":"product","link":"https:\/\/3r-prev.com\/gba\/produit\/milton-caniff-terry-et-les-pirates-vol-6\/","title":{"rendered":"MILTON CANIFF &#8211; Terry et les Pirates vol.6"},"content":{"rendered":"<p><strong>Terry et les pirates, suite et fin !<\/strong><\/p>\n<p>&nbsp;<\/p>\n<p>Les \u00e9ditions Bdartist(e) poursuivent la publication de l\u2019int\u00e9gralit\u00e9 des strips du chef d\u2019oeuvre de Milton Caniff,<em>\u00a0Terry et les Pirates<\/em>. Ce sixi\u00e8me et dernier tome rassemble les strips publi\u00e9s entre 1945 et 1946.<\/p>\n<p>&nbsp;<\/p>\n<p>Il est augment\u00e9 de nombreux hommages in\u00e9dits de grands noms de la bande dessin\u00e9e et de l&rsquo;illustration : Fran\u00e7ois Avril, Charles Berberian, Dominique Bertail, Florence Cestac, Pierre-Henry Gomont, Jacques de Loustal, Walter Minus, Laurent Verron, Vince et Jean-Michel Nicollet.<\/p>\n<p>Une aventure pleine de rebondissements dessin\u00e9e et sc\u00e9naris\u00e9e par Milton Caniff, dont la technique du clair-obscur et la ma\u00eetrise de la narration ont influenc\u00e9 certains des plus grands noms de la bande dessin\u00e9e europ\u00e9enne tels que Morris, Victor Hubinon, Fran\u00e7ois Schuiten ou encore Hugo Pratt.<\/p>\n<p>Parution le 28 mai 2021.<\/p>\n<p>&nbsp;<\/p>\n<p>Terry et les Pirates vol. 6 de Milton Caniff<br \/>\n22.5 x 29\u00a0cm<br \/>\n368 pages en quadrichromie.<\/p>\n","protected":false},"excerpt":{"rendered":"<p>Terry et les pirates, suite et fin ! &nbsp; Les \u00e9ditions Bdartist(e) poursuivent la publication de l\u2019int\u00e9gralit\u00e9 des strips du chef d\u2019oeuvre de Milton Caniff,\u00a0Terry et les Pirates. Ce sixi\u00e8me<\/p>\n","protected":false},"featured_media":41657,"template":"","meta":{"_acf_changed":false},"product_cat":[19],"product_tag":[],"exhibition":[55],"artist":[56],"class_list":{"0":"post-41656","1":"product","2":"type-product","3":"status-publish","4":"has-post-thumbnail","6":"product_cat-livres","7":"exhibition-terry-les-pirates","8":"artist-milton-caniff","10":"first","11":"instock","12":"shipping-taxable","13":"purchasable","14":"product-type-simple"},"acf":[],"_links":{"self":[{"href":"https:\/\/3r-prev.com\/gba\/wp-json\/wp\/v2\/product\/41656","targetHints":{"allow":["GET"]}}],"collection":[{"href":"https:\/\/3r-prev.com\/gba\/wp-json\/wp\/v2\/product"}],"about":[{"href":"https:\/\/3r-prev.com\/gba\/wp-json\/wp\/v2\/types\/product"}],"wp:featuredmedia":[{"embeddable":true,"href":"https:\/\/3r-prev.com\/gba\/wp-json\/wp\/v2\/media\/41657"}],"wp:attachment":[{"href":"https:\/\/3r-prev.com\/gba\/wp-json\/wp\/v2\/media?parent=41656"}],"wp:term":[{"taxonomy":"product_cat","embeddable":true,"href":"https:\/\/3r-prev.com\/gba\/wp-json\/wp\/v2\/product_cat?post=41656"},{"taxonomy":"product_tag","embeddable":true,"href":"https:\/\/3r-prev.com\/gba\/wp-json\/wp\/v2\/product_tag?post=41656"},{"taxonomy":"exhibition","embeddable":true,"href":"https:\/\/3r-prev.com\/gba\/wp-json\/wp\/v2\/exhibition?post=41656"},{"taxonomy":"artist","embeddable":true,"href":"https:\/\/3r-prev.com\/gba\/wp-json\/wp\/v2\/artist?post=41656"}],"curies":[{"name":"wp","href":"https:\/\/api.w.org\/{rel}","templated":true}]}}

<p><strong>Terry et les pirates, suite et fin !</strong></p>
<p>&nbsp;</p>
<p>Les éditions Bdartist(e) poursuivent la publication de l’intégralité des strips du chef d’oeuvre de Milton Caniff,<em> Terry et les Pirates</em>. Ce sixième et dernier tome rassemble les strips publiés entre 1945 et 1946.</p>
<p>&nbsp;</p>
<p>Il est augmenté de nombreux hommages inédits de grands noms de la bande dessinée et de l&rsquo;illustration : François Avril, Charles Berberian, Dominique Bertail, Florence Cestac, Pierre-Henry Gomont, Jacques de Loustal, Walter Minus, Laurent Verron, Vince et Jean-Michel Nicollet.</p>
<p>Une aventure pleine de rebondissements dessinée et scénarisée par Milton Caniff, dont la technique du clair-obscur et la maîtrise de la narration ont influencé certains des plus grands noms de la bande dessinée européenne tels que Morris, Victor Hubinon, François Schuiten ou encore Hugo Pratt.</p>
<p>Parution le 28 mai 2021.</p>
<p>&nbsp;</p>
<p>Terry et les Pirates vol. 6 de Milton Caniff<br />
22.5 x 29 cm<br />
368 pages en quadrichromie.</p>

<p>Terry et les pirates, suite et fin ! &nbsp; Les éditions Bdartist(e) poursuivent la publication de l’intégralité des strips du chef d’oeuvre de Milton Caniff, Terry et les Pirates. Ce sixième</p>
