{"id":41650,"date":"2021-04-20T10:50:30","date_gmt":"2021-04-20T08:50:30","guid":{"rendered":"https:\/\/3r-prev.com\/gba\/?post_type=product&#038;p=41650"},"modified":"2024-09-27T12:44:03","modified_gmt":"2024-09-27T10:44:03","slug":"collectif-les-nus-du-crayon","status":"publish","type":"product","link":"https:\/\/3r-prev.com\/gba\/produit\/collectif-les-nus-du-crayon\/","title":{"rendered":"COLLECTIF &#8211; Les nus du Crayon"},"content":{"rendered":"<p>Tirage limit\u00e9 \u00e0 180 exemplaires num\u00e9rot\u00e9s et accompagn\u00e9s d&rsquo;un marque-page sign\u00e9 par les 18 artistes du Crayon : Fran\u00e7ois Avril, Ted Benoit, Charles Berberian, Serge Clerc, Dominique Corbasson, Jean-Claude Denis, Sophie Dutertre, Jean-Claude G\u00f6tting, Miles Hyman, Andr\u00e9 Juillard, Emmanuel Kerner, Lionel Koechlin, Philippe Lardy, Jacques de Loustal, Lorenzo Mattotti, Madeleine de Mille, Jos\u00e9 Mu\u00f1oz et Emmanuel Pierre<\/p>\n<p>&nbsp;<\/p>\n<p>\u00c9ditions Bdartist(e), 2010<\/p>\n<p>&nbsp;<\/p>\n<p>48 pages<br \/>\n26 x 21\u00a0cm<br \/>\nCouverture souple<\/p>\n","protected":false},"excerpt":{"rendered":"<p>Tirage limit\u00e9 \u00e0 180 exemplaires num\u00e9rot\u00e9s et accompagn\u00e9s d&rsquo;un marque-page sign\u00e9 par les 18 artistes du Crayon : Fran\u00e7ois Avril, Ted Benoit, Charles Berberian, Serge Clerc, Dominique Corbasson, Jean-Claude Denis,<\/p>\n","protected":false},"featured_media":41651,"template":"","meta":{"_acf_changed":false},"product_cat":[19],"product_tag":[],"exhibition":[],"artist":[84,46,60,61,35,68,79,101,94,57],"class_list":{"0":"post-41650","1":"product","2":"type-product","3":"status-publish","4":"has-post-thumbnail","6":"product_cat-livres","7":"artist-andre-juillard","8":"artist-charles-berberian","9":"artist-dominique-corbasson","10":"artist-emmanuel-pierre","11":"artist-francois-avril","12":"artist-jean-claude-denis","13":"artist-jean-claude-gotting","14":"artist-jose-munoz","15":"artist-loustal","16":"artist-serge-clerc","18":"first","19":"instock","20":"shipping-taxable","21":"purchasable","22":"product-type-simple"},"acf":[],"_links":{"self":[{"href":"https:\/\/3r-prev.com\/gba\/wp-json\/wp\/v2\/product\/41650","targetHints":{"allow":["GET"]}}],"collection":[{"href":"https:\/\/3r-prev.com\/gba\/wp-json\/wp\/v2\/product"}],"about":[{"href":"https:\/\/3r-prev.com\/gba\/wp-json\/wp\/v2\/types\/product"}],"wp:featuredmedia":[{"embeddable":true,"href":"https:\/\/3r-prev.com\/gba\/wp-json\/wp\/v2\/media\/41651"}],"wp:attachment":[{"href":"https:\/\/3r-prev.com\/gba\/wp-json\/wp\/v2\/media?parent=41650"}],"wp:term":[{"taxonomy":"product_cat","embeddable":true,"href":"https:\/\/3r-prev.com\/gba\/wp-json\/wp\/v2\/product_cat?post=41650"},{"taxonomy":"product_tag","embeddable":true,"href":"https:\/\/3r-prev.com\/gba\/wp-json\/wp\/v2\/product_tag?post=41650"},{"taxonomy":"exhibition","embeddable":true,"href":"https:\/\/3r-prev.com\/gba\/wp-json\/wp\/v2\/exhibition?post=41650"},{"taxonomy":"artist","embeddable":true,"href":"https:\/\/3r-prev.com\/gba\/wp-json\/wp\/v2\/artist?post=41650"}],"curies":[{"name":"wp","href":"https:\/\/api.w.org\/{rel}","templated":true}]}}

<p>Tirage limité à 180 exemplaires numérotés et accompagnés d&rsquo;un marque-page signé par les 18 artistes du Crayon : François Avril, Ted Benoit, Charles Berberian, Serge Clerc, Dominique Corbasson, Jean-Claude Denis, Sophie Dutertre, Jean-Claude Götting, Miles Hyman, André Juillard, Emmanuel Kerner, Lionel Koechlin, Philippe Lardy, Jacques de Loustal, Lorenzo Mattotti, Madeleine de Mille, José Muñoz et Emmanuel Pierre</p>
<p>&nbsp;</p>
<p>Éditions Bdartist(e), 2010</p>
<p>&nbsp;</p>
<p>48 pages<br />
26 x 21 cm<br />
Couverture souple</p>

<p>Tirage limité à 180 exemplaires numérotés et accompagnés d&rsquo;un marque-page signé par les 18 artistes du Crayon : François Avril, Ted Benoit, Charles Berberian, Serge Clerc, Dominique Corbasson, Jean-Claude Denis,</p>
