{"id":41648,"date":"2021-04-20T10:37:17","date_gmt":"2021-04-20T08:37:17","guid":{"rendered":"https:\/\/3r-prev.com\/gba\/?post_type=product&#038;p=41648"},"modified":"2024-09-27T12:44:03","modified_gmt":"2024-09-27T10:44:03","slug":"collectif-les-films-du-crayon","status":"publish","type":"product","link":"https:\/\/3r-prev.com\/gba\/produit\/collectif-les-films-du-crayon\/","title":{"rendered":"COLLECTIF &#8211; Les films du Crayon"},"content":{"rendered":"<p>Cet ouvrage r\u00e9unit les dessins de 18 artistes r\u00e9alis\u00e9s autour d\u2019un m\u00eame exercice de style\u00a0: \u00ab\u00a0Faire na\u00eetre de la juxtaposition d\u2019un titre sur une image, l\u2019id\u00e9e d\u2019un film, d\u2019une histoire\u00a0\u00bb.<\/p>\n<p>&nbsp;<\/p>\n<p>Ces 18 affiches fictives sont r\u00e9alis\u00e9es par Fran\u00e7ois Avril, Ted Benoit, Dominique Corbasson, Emmanuel Pierre, Jean-Claude G\u00f6tting, Emmanuel Kerner, Miles Hyman, Philippe Dupuy, Charles Berberian, Philippe Lardy, Lionel Koechlin, Madeleine Demille, Lorenzo Mattotti, Cyril Cabry, Jean-Claude Denis, Serge Clerc, Andr\u00e9 Juillard, Jacques de Loustal.<\/p>\n<p>&nbsp;<\/p>\n<p>\u00c9ditions Bdartist(e) &amp; Alain Beaulet, 2009<\/p>\n<p>&nbsp;<\/p>\n<p>48 pages quadrichromies. Couverture souple avec rabats<br \/>\nFormat 147 x 176\u00a0mm<br \/>\n18 euros<\/p>\n","protected":false},"excerpt":{"rendered":"<p>Cet ouvrage r\u00e9unit les dessins de 18 artistes r\u00e9alis\u00e9s autour d\u2019un m\u00eame exercice de style\u00a0: \u00ab\u00a0Faire na\u00eetre de la juxtaposition d\u2019un titre sur une image, l\u2019id\u00e9e d\u2019un film, d\u2019une histoire\u00a0\u00bb.<\/p>\n","protected":false},"featured_media":41649,"template":"","meta":{"_acf_changed":false},"product_cat":[19],"product_tag":[],"exhibition":[],"artist":[84,46,60,61,35,68,79,94,135,57],"class_list":{"0":"post-41648","1":"product","2":"type-product","3":"status-publish","4":"has-post-thumbnail","6":"product_cat-livres","7":"artist-andre-juillard","8":"artist-charles-berberian","9":"artist-dominique-corbasson","10":"artist-emmanuel-pierre","11":"artist-francois-avril","12":"artist-jean-claude-denis","13":"artist-jean-claude-gotting","14":"artist-loustal","15":"artist-philippe-dupuy","16":"artist-serge-clerc","18":"first","19":"instock","20":"shipping-taxable","21":"purchasable","22":"product-type-simple"},"acf":[],"_links":{"self":[{"href":"https:\/\/3r-prev.com\/gba\/wp-json\/wp\/v2\/product\/41648","targetHints":{"allow":["GET"]}}],"collection":[{"href":"https:\/\/3r-prev.com\/gba\/wp-json\/wp\/v2\/product"}],"about":[{"href":"https:\/\/3r-prev.com\/gba\/wp-json\/wp\/v2\/types\/product"}],"wp:featuredmedia":[{"embeddable":true,"href":"https:\/\/3r-prev.com\/gba\/wp-json\/wp\/v2\/media\/41649"}],"wp:attachment":[{"href":"https:\/\/3r-prev.com\/gba\/wp-json\/wp\/v2\/media?parent=41648"}],"wp:term":[{"taxonomy":"product_cat","embeddable":true,"href":"https:\/\/3r-prev.com\/gba\/wp-json\/wp\/v2\/product_cat?post=41648"},{"taxonomy":"product_tag","embeddable":true,"href":"https:\/\/3r-prev.com\/gba\/wp-json\/wp\/v2\/product_tag?post=41648"},{"taxonomy":"exhibition","embeddable":true,"href":"https:\/\/3r-prev.com\/gba\/wp-json\/wp\/v2\/exhibition?post=41648"},{"taxonomy":"artist","embeddable":true,"href":"https:\/\/3r-prev.com\/gba\/wp-json\/wp\/v2\/artist?post=41648"}],"curies":[{"name":"wp","href":"https:\/\/api.w.org\/{rel}","templated":true}]}}

<p>Cet ouvrage réunit les dessins de 18 artistes réalisés autour d’un même exercice de style : « Faire naître de la juxtaposition d’un titre sur une image, l’idée d’un film, d’une histoire ».</p>
<p>&nbsp;</p>
<p>Ces 18 affiches fictives sont réalisées par François Avril, Ted Benoit, Dominique Corbasson, Emmanuel Pierre, Jean-Claude Götting, Emmanuel Kerner, Miles Hyman, Philippe Dupuy, Charles Berberian, Philippe Lardy, Lionel Koechlin, Madeleine Demille, Lorenzo Mattotti, Cyril Cabry, Jean-Claude Denis, Serge Clerc, André Juillard, Jacques de Loustal.</p>
<p>&nbsp;</p>
<p>Éditions Bdartist(e) &amp; Alain Beaulet, 2009</p>
<p>&nbsp;</p>
<p>48 pages quadrichromies. Couverture souple avec rabats<br />
Format 147 x 176 mm<br />
18 euros</p>

<p>Cet ouvrage réunit les dessins de 18 artistes réalisés autour d’un même exercice de style : « Faire naître de la juxtaposition d’un titre sur une image, l’idée d’un film, d’une histoire ».</p>
