{"id":41612,"date":"2021-03-15T08:55:46","date_gmt":"2021-03-15T07:55:46","guid":{"rendered":"https:\/\/3r-prev.com\/gba\/?post_type=product&#038;p=41612"},"modified":"2024-09-27T12:43:56","modified_gmt":"2024-09-27T10:43:56","slug":"jean-claude-gotting-nouveaux-detours","status":"publish","type":"product","link":"https:\/\/3r-prev.com\/gba\/produit\/jean-claude-gotting-nouveaux-detours\/","title":{"rendered":"JEAN-CLAUDE G\u00d6TTING &#8211; Tirage de luxe &#8211; Nouveaux d\u00e9tours"},"content":{"rendered":"<div class=\"post-content bo-Berberian-(Charles)\/Berberian-Dessins\">\n<div class=\"post-content bo-LA-GALERIE-EXPOSE\">\n<p>Tirage luxe de <em>Nouveaux D\u00e9tours<\/em>, limit\u00e9 \u00e0 80 exemplaires num\u00e9rot\u00e9s, chacun accompagn\u00e9 d\u2019une estampe pigmentaire num\u00e9rot\u00e9e et sign\u00e9e par l\u2019artiste. En vente exclusivement \u00e0 la galerie Barbier.<\/p>\n<p>&nbsp;<\/p>\n<p>\u201cEn 1986 paraissait chez Futuropolis <em>D\u00e9tours<\/em>, recueil d\u2019histoires courtes et noires qui prenaient pied dans l\u2019Am\u00e9rique des ann\u00e9es 50. Quelque 30 ans plus tard, gr\u00e2ce \u00e0 la naissance de la revue Pandora chez Casterman, Jean-Claude G\u00f6tting renoue avec les histoires courtes et noires aux m\u00eames d\u00e9cors de Motels, diners et barbershops de petites villes am\u00e9ricaines, dans lesquels des personnages de peu d\u2019envergure se collettent avec la fatalit\u00e9. Mariant suspense et humour, ces histoires n\u2019auraient pas d\u00e9pareill\u00e9 dans les Pulps magazines qui publiaient William Irish ou Fredric Brown.<\/p>\n<p>&nbsp;<\/p>\n<p>Parution\u00a0: 26 mars 2021<\/p>\n<p>ISBN\u2009: 978-2-919243-50-1<\/p>\n<p>19 x 26,6\u00a0cm<\/p>\n<p>Version luxe\u00a0: Couverture rigide avec titre emboss\u00e9 et jaquette papier<\/p>\n<p>48 pages en quadricolor<\/p>\n<\/div>\n<\/div>\n","protected":false},"excerpt":{"rendered":"<p>Tirage luxe de Nouveaux D\u00e9tours, limit\u00e9 \u00e0 80 exemplaires num\u00e9rot\u00e9s, chacun accompagn\u00e9 d\u2019une estampe pigmentaire num\u00e9rot\u00e9e et sign\u00e9e par l\u2019artiste. En vente exclusivement \u00e0 la galerie Barbier. &nbsp; \u201cEn 1986<\/p>\n","protected":false},"featured_media":41613,"template":"","meta":{"_acf_changed":false},"product_cat":[19],"product_tag":[],"exhibition":[138],"artist":[79],"class_list":{"0":"post-41612","1":"product","2":"type-product","3":"status-publish","4":"has-post-thumbnail","6":"product_cat-livres","7":"exhibition-nouveaux-detours","8":"artist-jean-claude-gotting","10":"first","11":"instock","12":"shipping-taxable","13":"purchasable","14":"product-type-simple"},"acf":[],"_links":{"self":[{"href":"https:\/\/3r-prev.com\/gba\/wp-json\/wp\/v2\/product\/41612","targetHints":{"allow":["GET"]}}],"collection":[{"href":"https:\/\/3r-prev.com\/gba\/wp-json\/wp\/v2\/product"}],"about":[{"href":"https:\/\/3r-prev.com\/gba\/wp-json\/wp\/v2\/types\/product"}],"wp:featuredmedia":[{"embeddable":true,"href":"https:\/\/3r-prev.com\/gba\/wp-json\/wp\/v2\/media\/41613"}],"wp:attachment":[{"href":"https:\/\/3r-prev.com\/gba\/wp-json\/wp\/v2\/media?parent=41612"}],"wp:term":[{"taxonomy":"product_cat","embeddable":true,"href":"https:\/\/3r-prev.com\/gba\/wp-json\/wp\/v2\/product_cat?post=41612"},{"taxonomy":"product_tag","embeddable":true,"href":"https:\/\/3r-prev.com\/gba\/wp-json\/wp\/v2\/product_tag?post=41612"},{"taxonomy":"exhibition","embeddable":true,"href":"https:\/\/3r-prev.com\/gba\/wp-json\/wp\/v2\/exhibition?post=41612"},{"taxonomy":"artist","embeddable":true,"href":"https:\/\/3r-prev.com\/gba\/wp-json\/wp\/v2\/artist?post=41612"}],"curies":[{"name":"wp","href":"https:\/\/api.w.org\/{rel}","templated":true}]}}