{"id":41609,"date":"2021-04-13T12:40:58","date_gmt":"2021-04-13T10:40:58","guid":{"rendered":"https:\/\/3r-prev.com\/gba\/?post_type=product&#038;p=41609"},"modified":"2024-09-27T12:43:55","modified_gmt":"2024-09-27T10:43:55","slug":"petrone-blutch-une-rencontre-blutch","status":"publish","type":"product","link":"https:\/\/3r-prev.com\/gba\/produit\/petrone-blutch-une-rencontre-blutch\/","title":{"rendered":"BLUTCH &#8211; Tirage de luxe &#8211; P\u00e9trone-Blutch : Une rencontre"},"content":{"rendered":"<p><em>P\u00e9trone &#8211; Blutch\u00a0: Une rencontre<\/em><\/p>\n<p>Edit\u00e9 par Marie Barbier \u00c9ditions.<\/p>\n<p>L\u2019ouvrage confronte le roman antique de P\u00e9trone, le <em>Satiricon<\/em>, au dessinateur talentueux qui l\u2019a adapt\u00e9, Blutch. L\u2019album, rebaptis\u00e9 <em>P\u00e9plum<\/em>, sort en 1997 aux \u00e9ditions Corn\u00e9lius apr\u00e8s bien des al\u00e9as. \u00ab\u2009Je n\u2019ai jamais voulu suivre la trame du livre, \u00e7\u2019aurait \u00e9t\u00e9 compl\u00e8tement inutile, mais j\u2019ai tout de m\u00eame cherch\u00e9 \u00e0 traduire la -po\u00e9sie de cette langue \u2013 de la traduction que j\u2019avais en tout cas.\u2009\u00bb<br \/>\nUn livre sur la cr\u00e9ation artistique, dans la veine du <em>Flaubert\u2009\u2013\u2009Druillet<\/em>.<\/p>\n<p>ISBN\u2009: 978-2-9561-193-2-6<br \/>\n24 x 30\u00a0cm<br \/>\n128 pages<\/p>\n<p>Tirage de t\u00eate \u00e0 170 exemplaires avec dos toil\u00e9, num\u00e9rot\u00e9s et sign\u00e9s, accompagn\u00e9s d\u2019une s\u00e9rigraphie in\u00e9dite, num\u00e9rot\u00e9e et sign\u00e9e par l\u2019artiste.<br \/>\nDisponible uniquement \u00e0 la Galerie Barbier &amp; Mathon.<\/p>\n","protected":false},"excerpt":{"rendered":"<p>P\u00e9trone &#8211; Blutch\u00a0: Une rencontre Edit\u00e9 par Marie Barbier \u00c9ditions. L\u2019ouvrage confronte le roman antique de P\u00e9trone, le Satiricon, au dessinateur talentueux qui l\u2019a adapt\u00e9, Blutch. L\u2019album, rebaptis\u00e9 P\u00e9plum, sort<\/p>\n","protected":false},"featured_media":41610,"template":"","meta":{"_acf_changed":false},"product_cat":[19],"product_tag":[],"exhibition":[132],"artist":[54],"class_list":{"0":"post-41609","1":"product","2":"type-product","3":"status-publish","4":"has-post-thumbnail","6":"product_cat-livres","7":"exhibition-reprise","8":"artist-blutch","10":"first","11":"instock","12":"shipping-taxable","13":"purchasable","14":"product-type-simple"},"acf":[],"_links":{"self":[{"href":"https:\/\/3r-prev.com\/gba\/wp-json\/wp\/v2\/product\/41609","targetHints":{"allow":["GET"]}}],"collection":[{"href":"https:\/\/3r-prev.com\/gba\/wp-json\/wp\/v2\/product"}],"about":[{"href":"https:\/\/3r-prev.com\/gba\/wp-json\/wp\/v2\/types\/product"}],"wp:featuredmedia":[{"embeddable":true,"href":"https:\/\/3r-prev.com\/gba\/wp-json\/wp\/v2\/media\/41610"}],"wp:attachment":[{"href":"https:\/\/3r-prev.com\/gba\/wp-json\/wp\/v2\/media?parent=41609"}],"wp:term":[{"taxonomy":"product_cat","embeddable":true,"href":"https:\/\/3r-prev.com\/gba\/wp-json\/wp\/v2\/product_cat?post=41609"},{"taxonomy":"product_tag","embeddable":true,"href":"https:\/\/3r-prev.com\/gba\/wp-json\/wp\/v2\/product_tag?post=41609"},{"taxonomy":"exhibition","embeddable":true,"href":"https:\/\/3r-prev.com\/gba\/wp-json\/wp\/v2\/exhibition?post=41609"},{"taxonomy":"artist","embeddable":true,"href":"https:\/\/3r-prev.com\/gba\/wp-json\/wp\/v2\/artist?post=41609"}],"curies":[{"name":"wp","href":"https:\/\/api.w.org\/{rel}","templated":true}]}}