{"id":41569,"date":"2021-01-14T15:23:46","date_gmt":"2021-01-14T14:23:46","guid":{"rendered":"https:\/\/3r-prev.com\/gba\/?post_type=product&#038;p=41569"},"modified":"2024-09-27T12:43:48","modified_gmt":"2024-09-27T10:43:48","slug":"melancolie","status":"publish","type":"product","link":"https:\/\/3r-prev.com\/gba\/produit\/melancolie\/","title":{"rendered":"OLIVIER LEDROIT &#8211; M\u00e9lancolie"},"content":{"rendered":"<p>Edit\u00e9 par \u00c9ditions Barbier<\/p>\n<p>&nbsp;<\/p>\n<p>\u00c0 l\u2019occasion de l\u2019exposition M\u00e9lancolie d\u2019Olivier Ledroit du 9 octobre au 7 novembre 2020.<\/p>\n<p>&nbsp;<\/p>\n<p>Tirage limit\u00e9 \u00e0 180 exemplaires num\u00e9rot\u00e9s accompagn\u00e9s d\u2019un ex-libris in\u00e9dit, num\u00e9rot\u00e9 et sign\u00e9 par l\u2019artiste, vendu au prix de 150 euros.<\/p>\n<p>&nbsp;<\/p>\n<p>En vente exclusivement \u00e0 la galerie Barbier.<\/p>\n<p>&nbsp;<\/p>\n<p>Parution 8 octobre 2020<br \/>\nISBN\u2009: 978-2-919243-36-5<\/p>\n<p>&nbsp;<\/p>\n<p>80 pages<br \/>\n28 x 28\u00a0cm<br \/>\nCouverture rigide<\/p>\n","protected":false},"excerpt":{"rendered":"<p>Edit\u00e9 par \u00c9ditions Barbier &nbsp; \u00c0 l\u2019occasion de l\u2019exposition M\u00e9lancolie d\u2019Olivier Ledroit du 9 octobre au 7 novembre 2020. &nbsp; Tirage limit\u00e9 \u00e0 180 exemplaires num\u00e9rot\u00e9s accompagn\u00e9s d\u2019un ex-libris in\u00e9dit,<\/p>\n","protected":false},"featured_media":41570,"template":"","meta":{"_acf_changed":false},"product_cat":[19],"product_tag":[],"exhibition":[88],"artist":[89],"class_list":{"0":"post-41569","1":"product","2":"type-product","3":"status-publish","4":"has-post-thumbnail","6":"product_cat-livres","7":"exhibition-melancolie","8":"artist-olivier-ledroit","10":"first","11":"outofstock","12":"shipping-taxable","13":"purchasable","14":"product-type-simple"},"acf":[],"_links":{"self":[{"href":"https:\/\/3r-prev.com\/gba\/wp-json\/wp\/v2\/product\/41569","targetHints":{"allow":["GET"]}}],"collection":[{"href":"https:\/\/3r-prev.com\/gba\/wp-json\/wp\/v2\/product"}],"about":[{"href":"https:\/\/3r-prev.com\/gba\/wp-json\/wp\/v2\/types\/product"}],"wp:featuredmedia":[{"embeddable":true,"href":"https:\/\/3r-prev.com\/gba\/wp-json\/wp\/v2\/media\/41570"}],"wp:attachment":[{"href":"https:\/\/3r-prev.com\/gba\/wp-json\/wp\/v2\/media?parent=41569"}],"wp:term":[{"taxonomy":"product_cat","embeddable":true,"href":"https:\/\/3r-prev.com\/gba\/wp-json\/wp\/v2\/product_cat?post=41569"},{"taxonomy":"product_tag","embeddable":true,"href":"https:\/\/3r-prev.com\/gba\/wp-json\/wp\/v2\/product_tag?post=41569"},{"taxonomy":"exhibition","embeddable":true,"href":"https:\/\/3r-prev.com\/gba\/wp-json\/wp\/v2\/exhibition?post=41569"},{"taxonomy":"artist","embeddable":true,"href":"https:\/\/3r-prev.com\/gba\/wp-json\/wp\/v2\/artist?post=41569"}],"curies":[{"name":"wp","href":"https:\/\/api.w.org\/{rel}","templated":true}]}}

OLIVIER LEDROIT &#8211; Mélancolie

<p>Edité par Éditions Barbier</p>
<p>&nbsp;</p>
<p>À l’occasion de l’exposition Mélancolie d’Olivier Ledroit du 9 octobre au 7 novembre 2020.</p>
<p>&nbsp;</p>
<p>Tirage limité à 180 exemplaires numérotés accompagnés d’un ex-libris inédit, numéroté et signé par l’artiste, vendu au prix de 150 euros.</p>
<p>&nbsp;</p>
<p>En vente exclusivement à la galerie Barbier.</p>
<p>&nbsp;</p>
<p>Parution 8 octobre 2020<br />
ISBN : 978-2-919243-36-5</p>
<p>&nbsp;</p>
<p>80 pages<br />
28 x 28 cm<br />
Couverture rigide</p>

<p>Edité par Éditions Barbier &nbsp; À l’occasion de l’exposition Mélancolie d’Olivier Ledroit du 9 octobre au 7 novembre 2020. &nbsp; Tirage limité à 180 exemplaires numérotés accompagnés d’un ex-libris inédit,</p>
