{"id":41562,"date":"2021-01-14T15:20:54","date_gmt":"2021-01-14T14:20:54","guid":{"rendered":"https:\/\/3r-prev.com\/gba\/?post_type=product&#038;p=41562"},"modified":"2024-09-27T12:43:47","modified_gmt":"2024-09-27T10:43:47","slug":"le-rapport-de-brodeck","status":"publish","type":"product","link":"https:\/\/3r-prev.com\/gba\/produit\/le-rapport-de-brodeck\/","title":{"rendered":"MANU LARCENET &#8211; Tirage de luxe &#8211; int\u00e9grale Le rapport de Brodeck"},"content":{"rendered":"<div class=\"post-content bo-Larcenet\/Manu-Larcenet-Editions\">\n<p>Edit\u00e9 par Barbier &amp; Mathon<\/p>\n<p>&nbsp;<\/p>\n<p>Tirage de luxe en \u00e9dition limit\u00e9e \u00e0 321 exemplaires num\u00e9rot\u00e9s. Les ouvrages sont initialement parus aux \u00e9ditions Dargaud. Cette \u00e9dition reprend les volumes 1 et 2 du Rapport de Brodeck et est enrichie par une dizaine d\u2019illustrations in\u00e9dites. Elle est accompagn\u00e9e d\u2019un ex-libris en s\u00e9rigraphie num\u00e9rot\u00e9 et sign\u00e9 par l\u2019artiste.<\/p>\n<\/div>\n<div><\/div>\n<div><\/div>\n<div class=\"post-content bo-Larcenet\/Manu-Larcenet-Editions\">\n<p>En vente exclusivement \u00e0 la galerie Barbier.<\/p>\n<p>&nbsp;<\/p>\n<p>Parution d\u00e9cembre 2017<br \/>\nISBN\u2009: 978-2-919243-18-1<\/p>\n<p>&nbsp;<\/p>\n<p>Format 30 x 24\u00a0cm \u00e0 l\u2019italienne<br \/>\n344 pages noir et blanc<br \/>\nCouverture rigide<\/p>\n<\/div>\n","protected":false},"excerpt":{"rendered":"<p>Edit\u00e9 par Barbier &amp; Mathon &nbsp; Tirage de luxe en \u00e9dition limit\u00e9e \u00e0 321 exemplaires num\u00e9rot\u00e9s. Les ouvrages sont initialement parus aux \u00e9ditions Dargaud. Cette \u00e9dition reprend les volumes 1<\/p>\n","protected":false},"featured_media":41563,"template":"","meta":{"_acf_changed":false},"product_cat":[19],"product_tag":[],"exhibition":[86],"artist":[87],"class_list":{"0":"post-41562","1":"product","2":"type-product","3":"status-publish","4":"has-post-thumbnail","6":"product_cat-livres","7":"exhibition-le-rapport-de-brodeck","8":"artist-manu-larcenet","10":"first","11":"instock","12":"shipping-taxable","13":"purchasable","14":"product-type-simple"},"acf":[],"_links":{"self":[{"href":"https:\/\/3r-prev.com\/gba\/wp-json\/wp\/v2\/product\/41562","targetHints":{"allow":["GET"]}}],"collection":[{"href":"https:\/\/3r-prev.com\/gba\/wp-json\/wp\/v2\/product"}],"about":[{"href":"https:\/\/3r-prev.com\/gba\/wp-json\/wp\/v2\/types\/product"}],"wp:featuredmedia":[{"embeddable":true,"href":"https:\/\/3r-prev.com\/gba\/wp-json\/wp\/v2\/media\/41563"}],"wp:attachment":[{"href":"https:\/\/3r-prev.com\/gba\/wp-json\/wp\/v2\/media?parent=41562"}],"wp:term":[{"taxonomy":"product_cat","embeddable":true,"href":"https:\/\/3r-prev.com\/gba\/wp-json\/wp\/v2\/product_cat?post=41562"},{"taxonomy":"product_tag","embeddable":true,"href":"https:\/\/3r-prev.com\/gba\/wp-json\/wp\/v2\/product_tag?post=41562"},{"taxonomy":"exhibition","embeddable":true,"href":"https:\/\/3r-prev.com\/gba\/wp-json\/wp\/v2\/exhibition?post=41562"},{"taxonomy":"artist","embeddable":true,"href":"https:\/\/3r-prev.com\/gba\/wp-json\/wp\/v2\/artist?post=41562"}],"curies":[{"name":"wp","href":"https:\/\/api.w.org\/{rel}","templated":true}]}}

MANU LARCENET &#8211; Tirage de luxe &#8211; intégrale Le rapport de Brodeck

<div class="post-content bo-Larcenet/Manu-Larcenet-Editions">
<p>Edité par Barbier &amp; Mathon</p>
<p>&nbsp;</p>
<p>Tirage de luxe en édition limitée à 321 exemplaires numérotés. Les ouvrages sont initialement parus aux éditions Dargaud. Cette édition reprend les volumes 1 et 2 du Rapport de Brodeck et est enrichie par une dizaine d’illustrations inédites. Elle est accompagnée d’un ex-libris en sérigraphie numéroté et signé par l’artiste.</p>
</div>
<div></div>
<div></div>
<div class="post-content bo-Larcenet/Manu-Larcenet-Editions">
<p>En vente exclusivement à la galerie Barbier.</p>
<p>&nbsp;</p>
<p>Parution décembre 2017<br />
ISBN : 978-2-919243-18-1</p>
<p>&nbsp;</p>
<p>Format 30 x 24 cm à l’italienne<br />
344 pages noir et blanc<br />
Couverture rigide</p>
</div>

<p>Edité par Barbier &amp; Mathon &nbsp; Tirage de luxe en édition limitée à 321 exemplaires numérotés. Les ouvrages sont initialement parus aux éditions Dargaud. Cette édition reprend les volumes 1</p>
