{"id":41536,"date":"2021-01-12T15:26:19","date_gmt":"2021-01-12T14:26:19","guid":{"rendered":"https:\/\/3r-prev.com\/gba\/?post_type=product&#038;p=41536"},"modified":"2024-09-27T12:43:42","modified_gmt":"2024-09-27T10:43:42","slug":"meme-poursuivi-le-papillon","status":"publish","type":"product","link":"https:\/\/3r-prev.com\/gba\/produit\/meme-poursuivi-le-papillon\/","title":{"rendered":"COSEY &#8211; M\u00eame poursuivi le papillon &#8230;"},"content":{"rendered":"<p>Tirage de luxe reprenant les titres suivants de\u00a0<strong>Cosey<\/strong>\u00a0en noir et blanc\u00a0:\u00a0<em>Le Voyage en Italie, Orchidea, Sa\u00efgon-Hano\u00ef<\/em>\u00a0et\u00a0<em>Joyeux No\u00ebl, May\u00a0!<\/em><\/p>\n<p>&nbsp;<\/p>\n<p>Edit\u00e9 par \u00c9ditions Barbier<\/p>\n<p>&nbsp;<\/p>\n<p>Tirage limit\u00e9 \u00e0 350 exemplaires num\u00e9rot\u00e9s, accompagn\u00e9s d\u2019une digigraphie num\u00e9rot\u00e9e et sign\u00e9e par l\u2019artiste. Ouvrages initialement parus aux \u00e9ditions Dupuis dans la collection Aire Libre, cette \u00e9dition est augment\u00e9e d\u2019une trentaine de pages de dessins pr\u00e9paratoires et croquis.<\/p>\n<p>&nbsp;<\/p>\n<p>Parution\u00a0: septembre 2020<br \/>\nISBN\u2009: 978-2-919243-35-8<\/p>\n<p>&nbsp;<\/p>\n<p>320 pages<br \/>\n23 x 30\u00a0cm<br \/>\nCouverture rigide<\/p>\n<p>&nbsp;<\/p>\n<p>En vente exclusivement \u00e0 la galerie Barbier.<\/p>\n","protected":false},"excerpt":{"rendered":"<p>Tirage de luxe reprenant les titres suivants de\u00a0Cosey\u00a0en noir et blanc\u00a0:\u00a0Le Voyage en Italie, Orchidea, Sa\u00efgon-Hano\u00ef\u00a0et\u00a0Joyeux No\u00ebl, May\u00a0! &nbsp; Edit\u00e9 par \u00c9ditions Barbier &nbsp; Tirage limit\u00e9 \u00e0 350 exemplaires num\u00e9rot\u00e9s,<\/p>\n","protected":false},"featured_media":41537,"template":"","meta":{"_acf_changed":false},"product_cat":[19],"product_tag":[],"exhibition":[62],"artist":[63],"class_list":{"0":"post-41536","1":"product","2":"type-product","3":"status-publish","4":"has-post-thumbnail","6":"product_cat-livres","7":"exhibition-meme-poursuivi-le-papillon-jamais-ne-semble-presse","8":"artist-cosey","10":"first","11":"instock","12":"shipping-taxable","13":"purchasable","14":"product-type-simple"},"acf":[],"_links":{"self":[{"href":"https:\/\/3r-prev.com\/gba\/wp-json\/wp\/v2\/product\/41536","targetHints":{"allow":["GET"]}}],"collection":[{"href":"https:\/\/3r-prev.com\/gba\/wp-json\/wp\/v2\/product"}],"about":[{"href":"https:\/\/3r-prev.com\/gba\/wp-json\/wp\/v2\/types\/product"}],"wp:featuredmedia":[{"embeddable":true,"href":"https:\/\/3r-prev.com\/gba\/wp-json\/wp\/v2\/media\/41537"}],"wp:attachment":[{"href":"https:\/\/3r-prev.com\/gba\/wp-json\/wp\/v2\/media?parent=41536"}],"wp:term":[{"taxonomy":"product_cat","embeddable":true,"href":"https:\/\/3r-prev.com\/gba\/wp-json\/wp\/v2\/product_cat?post=41536"},{"taxonomy":"product_tag","embeddable":true,"href":"https:\/\/3r-prev.com\/gba\/wp-json\/wp\/v2\/product_tag?post=41536"},{"taxonomy":"exhibition","embeddable":true,"href":"https:\/\/3r-prev.com\/gba\/wp-json\/wp\/v2\/exhibition?post=41536"},{"taxonomy":"artist","embeddable":true,"href":"https:\/\/3r-prev.com\/gba\/wp-json\/wp\/v2\/artist?post=41536"}],"curies":[{"name":"wp","href":"https:\/\/api.w.org\/{rel}","templated":true}]}}