{"id":41532,"date":"2021-01-12T14:51:38","date_gmt":"2021-01-12T13:51:38","guid":{"rendered":"https:\/\/3r-prev.com\/gba\/?post_type=product&#038;p=41532"},"modified":"2024-09-27T12:43:41","modified_gmt":"2024-09-27T10:43:41","slug":"terry-et-les-pirates-vol-5","status":"publish","type":"product","link":"https:\/\/3r-prev.com\/gba\/produit\/terry-et-les-pirates-vol-5\/","title":{"rendered":"MILTON CANIFF &#8211; Terry et les Pirates vol.5"},"content":{"rendered":"<p><strong>Terry et les pirates, l\u2019aventure continue\u00a0!<\/strong><\/p>\n<p>&nbsp;<\/p>\n<p>Les \u00e9ditions Bdartist(e) poursuivent la publication de l\u2019int\u00e9gralit\u00e9 des strips du chef d\u2019oeuvre de Milton Caniff,<em>\u00a0Terry et les Pirates<\/em>. Ce cinqui\u00e8me tome rassemble les strips publi\u00e9s entre 1943 et 1944.Il est augment\u00e9 d\u2019un hommage in\u00e9dit de Blutch.<\/p>\n<p>&nbsp;<\/p>\n<p>Une aventure pleine de rebondissements dessin\u00e9e et sc\u00e9naris\u00e9e par Milton Caniff, dont la technique du clair-obscur et la ma\u00eetrise de la narration ont influenc\u00e9 certains des plus grands noms de la bande dessin\u00e9e europ\u00e9enne tels que Morris, Victor Hubinon, Fran\u00e7ois Schuiten ou encore Hugo Pratt.<\/p>\n<p>&nbsp;<\/p>\n<p>L\u2019ouvrage est d\u2019ores et d\u00e9j\u00e0 disponible chez votre libraire et, bien s\u00fbr, \u00e0 la galerie Barbier.<br \/>\nParution le 8 novembre 2019.<\/p>\n<p>&nbsp;<\/p>\n<p>Terry et les Pirates vol. 5 de Milton Caniff<br \/>\n22.5 x 29\u00a0cm<br \/>\n350 pages en quadrichromie.<\/p>\n","protected":false},"excerpt":{"rendered":"<p>Terry et les pirates, l\u2019aventure continue\u00a0! &nbsp; Les \u00e9ditions Bdartist(e) poursuivent la publication de l\u2019int\u00e9gralit\u00e9 des strips du chef d\u2019oeuvre de Milton Caniff,\u00a0Terry et les Pirates. Ce cinqui\u00e8me tome rassemble<\/p>\n","protected":false},"featured_media":41533,"template":"","meta":{"_acf_changed":false},"product_cat":[19],"product_tag":[],"exhibition":[55],"artist":[56],"class_list":{"0":"post-41532","1":"product","2":"type-product","3":"status-publish","4":"has-post-thumbnail","6":"product_cat-livres","7":"exhibition-terry-les-pirates","8":"artist-milton-caniff","10":"first","11":"instock","12":"shipping-taxable","13":"purchasable","14":"product-type-simple"},"acf":[],"_links":{"self":[{"href":"https:\/\/3r-prev.com\/gba\/wp-json\/wp\/v2\/product\/41532","targetHints":{"allow":["GET"]}}],"collection":[{"href":"https:\/\/3r-prev.com\/gba\/wp-json\/wp\/v2\/product"}],"about":[{"href":"https:\/\/3r-prev.com\/gba\/wp-json\/wp\/v2\/types\/product"}],"wp:featuredmedia":[{"embeddable":true,"href":"https:\/\/3r-prev.com\/gba\/wp-json\/wp\/v2\/media\/41533"}],"wp:attachment":[{"href":"https:\/\/3r-prev.com\/gba\/wp-json\/wp\/v2\/media?parent=41532"}],"wp:term":[{"taxonomy":"product_cat","embeddable":true,"href":"https:\/\/3r-prev.com\/gba\/wp-json\/wp\/v2\/product_cat?post=41532"},{"taxonomy":"product_tag","embeddable":true,"href":"https:\/\/3r-prev.com\/gba\/wp-json\/wp\/v2\/product_tag?post=41532"},{"taxonomy":"exhibition","embeddable":true,"href":"https:\/\/3r-prev.com\/gba\/wp-json\/wp\/v2\/exhibition?post=41532"},{"taxonomy":"artist","embeddable":true,"href":"https:\/\/3r-prev.com\/gba\/wp-json\/wp\/v2\/artist?post=41532"}],"curies":[{"name":"wp","href":"https:\/\/api.w.org\/{rel}","templated":true}]}}

<p><strong>Terry et les pirates, l’aventure continue !</strong></p>
<p>&nbsp;</p>
<p>Les éditions Bdartist(e) poursuivent la publication de l’intégralité des strips du chef d’oeuvre de Milton Caniff,<em> Terry et les Pirates</em>. Ce cinquième tome rassemble les strips publiés entre 1943 et 1944.Il est augmenté d’un hommage inédit de Blutch.</p>
<p>&nbsp;</p>
<p>Une aventure pleine de rebondissements dessinée et scénarisée par Milton Caniff, dont la technique du clair-obscur et la maîtrise de la narration ont influencé certains des plus grands noms de la bande dessinée européenne tels que Morris, Victor Hubinon, François Schuiten ou encore Hugo Pratt.</p>
<p>&nbsp;</p>
<p>L’ouvrage est d’ores et déjà disponible chez votre libraire et, bien sûr, à la galerie Barbier.<br />
Parution le 8 novembre 2019.</p>
<p>&nbsp;</p>
<p>Terry et les Pirates vol. 5 de Milton Caniff<br />
22.5 x 29 cm<br />
350 pages en quadrichromie.</p>

<p>Terry et les pirates, l’aventure continue ! &nbsp; Les éditions Bdartist(e) poursuivent la publication de l’intégralité des strips du chef d’oeuvre de Milton Caniff, Terry et les Pirates. Ce cinquième tome rassemble</p>
