{"id":17092,"date":"2022-02-08T18:34:55","date_gmt":"2022-02-08T17:34:55","guid":{"rendered":"https:\/\/3r-prev.com\/gba\/?post_type=product&#038;p=17092"},"modified":"2024-09-27T12:42:45","modified_gmt":"2024-09-27T10:42:45","slug":"marc-bati-bords-cadres","status":"publish","type":"product","link":"https:\/\/3r-prev.com\/gba\/produit\/marc-bati-bords-cadres\/","title":{"rendered":"MARC BATI &#8211; Bords Cadres"},"content":{"rendered":"<p><em>Je suis tr\u00e8s bien entour\u00e9.<br \/>\nEt encore, je ne compte pas les non-humains, les stellaires, les Proxions, les Valladiens, qu\u2019ils soient majeurs ou non. \u00c9videmment, je ne m\u2019attarde pas non plus sur les hors castes, ni sur les infra-r\u00e8gnes ou les n\u00e9o-galactiques.<br \/>\nN\u00e9anmoins, \u00e7a fait toujours beaucoup de monde.<br \/>\nJ\u2019ai vraiment une grande famille.<\/em><br \/>\nMarc Bati (extrait de la pr\u00e9face de <em>Bords cadres<\/em>, \u00e9ditions Barbier, 2022)<\/p>\n<p>Cet ouvrage est une reproduction en fac-simil\u00e9 du carnet de dessin de Marc Bati. Il est limit\u00e9 \u00e0 180 exemplaires num\u00e9rot\u00e9s assortis d&rsquo;une s\u00e9rigraphie num\u00e9rot\u00e9e et sign\u00e9e par l&rsquo;artiste et publi\u00e9 \u00e0 l&rsquo;occasion de l&rsquo;exposition Bords Cadres \u00e0 la galerie Barbier du 24 f\u00e9vrier au 26 mars 2022.<\/p>\n<p>96 \u00a0pages.<\/p>\n<p>10 x 15 cm.<\/p>\n<p>ISBN 9782919243587<\/p>\n<p>En vente uniquement \u00e0 la galerie Barbier.<\/p>\n<p>&nbsp;<\/p>\n","protected":false},"excerpt":{"rendered":"<p>Je suis tr\u00e8s bien entour\u00e9. Et encore, je ne compte pas les non-humains, les stellaires, les Proxions, les Valladiens, qu\u2019ils soient majeurs ou non. \u00c9videmment, je ne m\u2019attarde pas non<\/p>\n","protected":false},"featured_media":41293,"template":"","meta":{"_acf_changed":false},"product_cat":[19],"product_tag":[],"exhibition":[215],"artist":[43],"class_list":{"0":"post-17092","1":"product","2":"type-product","3":"status-publish","4":"has-post-thumbnail","6":"product_cat-livres","7":"exhibition-bords-cadres","8":"artist-marc-bati","10":"first","11":"instock","12":"shipping-taxable","13":"purchasable","14":"product-type-simple"},"acf":[],"_links":{"self":[{"href":"https:\/\/3r-prev.com\/gba\/wp-json\/wp\/v2\/product\/17092","targetHints":{"allow":["GET"]}}],"collection":[{"href":"https:\/\/3r-prev.com\/gba\/wp-json\/wp\/v2\/product"}],"about":[{"href":"https:\/\/3r-prev.com\/gba\/wp-json\/wp\/v2\/types\/product"}],"wp:featuredmedia":[{"embeddable":true,"href":"https:\/\/3r-prev.com\/gba\/wp-json\/wp\/v2\/media\/41293"}],"wp:attachment":[{"href":"https:\/\/3r-prev.com\/gba\/wp-json\/wp\/v2\/media?parent=17092"}],"wp:term":[{"taxonomy":"product_cat","embeddable":true,"href":"https:\/\/3r-prev.com\/gba\/wp-json\/wp\/v2\/product_cat?post=17092"},{"taxonomy":"product_tag","embeddable":true,"href":"https:\/\/3r-prev.com\/gba\/wp-json\/wp\/v2\/product_tag?post=17092"},{"taxonomy":"exhibition","embeddable":true,"href":"https:\/\/3r-prev.com\/gba\/wp-json\/wp\/v2\/exhibition?post=17092"},{"taxonomy":"artist","embeddable":true,"href":"https:\/\/3r-prev.com\/gba\/wp-json\/wp\/v2\/artist?post=17092"}],"curies":[{"name":"wp","href":"https:\/\/api.w.org\/{rel}","templated":true}]}}

<p><em>Je suis très bien entouré.<br />
Et encore, je ne compte pas les non-humains, les stellaires, les Proxions, les Valladiens, qu’ils soient majeurs ou non. Évidemment, je ne m’attarde pas non plus sur les hors castes, ni sur les infra-règnes ou les néo-galactiques.<br />
Néanmoins, ça fait toujours beaucoup de monde.<br />
J’ai vraiment une grande famille.</em><br />
Marc Bati (extrait de la préface de <em>Bords cadres</em>, éditions Barbier, 2022)</p>
<p>Cet ouvrage est une reproduction en fac-similé du carnet de dessin de Marc Bati. Il est limité à 180 exemplaires numérotés assortis d&rsquo;une sérigraphie numérotée et signée par l&rsquo;artiste et publié à l&rsquo;occasion de l&rsquo;exposition Bords Cadres à la galerie Barbier du 24 février au 26 mars 2022.</p>
<p>96  pages.</p>
<p>10 x 15 cm.</p>
<p>ISBN 9782919243587</p>
<p>En vente uniquement à la galerie Barbier.</p>
<p>&nbsp;</p>

<p>Je suis très bien entouré. Et encore, je ne compte pas les non-humains, les stellaires, les Proxions, les Valladiens, qu’ils soient majeurs ou non. Évidemment, je ne m’attarde pas non</p>
