{"id":16544,"date":"2022-01-04T16:48:09","date_gmt":"2022-01-04T15:48:09","guid":{"rendered":"https:\/\/3r-prev.com\/gba\/?post_type=product&#038;p=16544"},"modified":"2024-09-27T12:42:43","modified_gmt":"2024-09-27T10:42:43","slug":"christophe-blain-jean-marc-jancovici-le-monde-sans-fin","status":"publish","type":"product","link":"https:\/\/3r-prev.com\/gba\/produit\/christophe-blain-jean-marc-jancovici-le-monde-sans-fin\/","title":{"rendered":"CHRISTOPHE BLAIN &#038; JEAN-MARC JANCOVICI &#8211; Tirage de luxe &#8211; Le monde sans fin"},"content":{"rendered":"<p><em>La rencontre entre un auteur majeur de la bande dessin\u00e9e et un \u00e9minent sp\u00e9cialiste des questions \u00e9nerg\u00e9tiques et de l&rsquo;impact sur le climat a abouti \u00e0 ce projet, comme une \u00e9vidence, une n\u00e9cessit\u00e9 de t\u00e9moigner sur des sujets qui nous concernent tous. Intelligent, limpide, non d\u00e9nu\u00e9 d&rsquo;humour, cet ouvrage explique sous forme de chapitres les changements profonds que notre plan\u00e8te vit actuellement et quelles cons\u00e9quences, d\u00e9j\u00e0 observ\u00e9es, ces changements parfois radicaux signifient. <\/em><\/p>\n<p>Cet album est un tirage limit\u00e9 en version de luxe noir et blanc de l&rsquo;album <em>Le monde sans fin<\/em>, de Christophe Blain et Jean-Marc Jancovici, initialement paru aux \u00e9ditions Dargaud. Il comporte une couverture in\u00e9dite\u00a0et des pages additionnelles de croquis ainsi qu&rsquo;un ex libris en s\u00e9rigraphie num\u00e9rot\u00e9 et sign\u00e9.<\/p>\n<p>Tirage limit\u00e9 \u00e0 270 exemplaires num\u00e9rot\u00e9s.<\/p>\n<p>Parution \u00e0 l&rsquo;occasion de l&rsquo;exposition <em>Le monde sans fin<\/em>\u00a0de Christophe Blain, pr\u00e9sent\u00e9e \u00e0 la galerie Barbier du 20 janvier au 19 f\u00e9vrier 2022<\/p>\n<p>&nbsp;<\/p>\n<p>224 pages.<\/p>\n<p>24 x 30 cm.<\/p>\n<p>ISBN 9782919243594<\/p>\n<p>En vente uniquement \u00e0 la galerie Barbier<\/p>\n<p>DISPONIBLE \u00c0 PARTIR DU 20 JANVIER \/ PR\u00c9COMMANDE UNIQUEMENT<\/p>\n","protected":false},"excerpt":{"rendered":"<p>La rencontre entre un auteur majeur de la bande dessin\u00e9e et un \u00e9minent sp\u00e9cialiste des questions \u00e9nerg\u00e9tiques et de l&rsquo;impact sur le climat a abouti \u00e0 ce projet, comme une<\/p>\n","protected":false},"featured_media":41285,"template":"","meta":{"_acf_changed":false},"product_cat":[19],"product_tag":[],"exhibition":[210],"artist":[53],"class_list":{"0":"post-16544","1":"product","2":"type-product","3":"status-publish","4":"has-post-thumbnail","6":"product_cat-livres","7":"exhibition-le-monde-sans-fin","8":"artist-christophe-blain","10":"first","11":"outofstock","12":"shipping-taxable","13":"purchasable","14":"product-type-simple"},"acf":[],"_links":{"self":[{"href":"https:\/\/3r-prev.com\/gba\/wp-json\/wp\/v2\/product\/16544","targetHints":{"allow":["GET"]}}],"collection":[{"href":"https:\/\/3r-prev.com\/gba\/wp-json\/wp\/v2\/product"}],"about":[{"href":"https:\/\/3r-prev.com\/gba\/wp-json\/wp\/v2\/types\/product"}],"wp:featuredmedia":[{"embeddable":true,"href":"https:\/\/3r-prev.com\/gba\/wp-json\/wp\/v2\/media\/41285"}],"wp:attachment":[{"href":"https:\/\/3r-prev.com\/gba\/wp-json\/wp\/v2\/media?parent=16544"}],"wp:term":[{"taxonomy":"product_cat","embeddable":true,"href":"https:\/\/3r-prev.com\/gba\/wp-json\/wp\/v2\/product_cat?post=16544"},{"taxonomy":"product_tag","embeddable":true,"href":"https:\/\/3r-prev.com\/gba\/wp-json\/wp\/v2\/product_tag?post=16544"},{"taxonomy":"exhibition","embeddable":true,"href":"https:\/\/3r-prev.com\/gba\/wp-json\/wp\/v2\/exhibition?post=16544"},{"taxonomy":"artist","embeddable":true,"href":"https:\/\/3r-prev.com\/gba\/wp-json\/wp\/v2\/artist?post=16544"}],"curies":[{"name":"wp","href":"https:\/\/api.w.org\/{rel}","templated":true}]}}

<p><em>La rencontre entre un auteur majeur de la bande dessinée et un éminent spécialiste des questions énergétiques et de l&rsquo;impact sur le climat a abouti à ce projet, comme une évidence, une nécessité de témoigner sur des sujets qui nous concernent tous. Intelligent, limpide, non dénué d&rsquo;humour, cet ouvrage explique sous forme de chapitres les changements profonds que notre planète vit actuellement et quelles conséquences, déjà observées, ces changements parfois radicaux signifient. </em></p>
<p>Cet album est un tirage limité en version de luxe noir et blanc de l&rsquo;album <em>Le monde sans fin</em>, de Christophe Blain et Jean-Marc Jancovici, initialement paru aux éditions Dargaud. Il comporte une couverture inédite et des pages additionnelles de croquis ainsi qu&rsquo;un ex libris en sérigraphie numéroté et signé.</p>
<p>Tirage limité à 270 exemplaires numérotés.</p>
<p>Parution à l&rsquo;occasion de l&rsquo;exposition <em>Le monde sans fin</em> de Christophe Blain, présentée à la galerie Barbier du 20 janvier au 19 février 2022</p>
<p>&nbsp;</p>
<p>224 pages.</p>
<p>24 x 30 cm.</p>
<p>ISBN 9782919243594</p>
<p>En vente uniquement à la galerie Barbier</p>
<p>DISPONIBLE À PARTIR DU 20 JANVIER / PRÉCOMMANDE UNIQUEMENT</p>

<p>La rencontre entre un auteur majeur de la bande dessinée et un éminent spécialiste des questions énergétiques et de l&rsquo;impact sur le climat a abouti à ce projet, comme une</p>
