{"id":16142,"date":"2021-11-26T17:46:11","date_gmt":"2021-11-26T16:46:11","guid":{"rendered":"https:\/\/3r-prev.com\/gba\/?post_type=product&#038;p=16142"},"modified":"2024-09-27T12:42:42","modified_gmt":"2024-09-27T10:42:42","slug":"blutch-estampe-la-serrure","status":"publish","type":"product","link":"https:\/\/3r-prev.com\/gba\/produit\/blutch-estampe-la-serrure\/","title":{"rendered":"BLUTCH &#8211; Estampe &#8211; La serrure"},"content":{"rendered":"<p><strong>La serrure<\/strong><\/p>\n<p>Tirage jet d&rsquo;encre pigmentaire sur papier Hahnemuhle Photo Rag Bright White 310 g<br \/>\nFormat 70 x 50 cm<br \/>\nTirage limit\u00e9 \u00e0 27 exemplaires, num\u00e9rot\u00e9s et sign\u00e9s<\/p>\n","protected":false},"excerpt":{"rendered":"<p>La serrure Tirage jet d&rsquo;encre pigmentaire sur papier Hahnemuhle Photo Rag Bright White 310 g Format 70 x 50 cm Tirage limit\u00e9 \u00e0 27 exemplaires, num\u00e9rot\u00e9s et sign\u00e9s<\/p>\n","protected":false},"featured_media":41282,"template":"","meta":{"_acf_changed":false},"product_cat":[20],"product_tag":[],"exhibition":[],"artist":[54],"class_list":{"0":"post-16142","1":"product","2":"type-product","3":"status-publish","4":"has-post-thumbnail","6":"product_cat-tirages-dart","7":"artist-blutch","9":"first","10":"instock","11":"shipping-taxable","12":"purchasable","13":"product-type-simple"},"acf":[],"_links":{"self":[{"href":"https:\/\/3r-prev.com\/gba\/wp-json\/wp\/v2\/product\/16142","targetHints":{"allow":["GET"]}}],"collection":[{"href":"https:\/\/3r-prev.com\/gba\/wp-json\/wp\/v2\/product"}],"about":[{"href":"https:\/\/3r-prev.com\/gba\/wp-json\/wp\/v2\/types\/product"}],"wp:featuredmedia":[{"embeddable":true,"href":"https:\/\/3r-prev.com\/gba\/wp-json\/wp\/v2\/media\/41282"}],"wp:attachment":[{"href":"https:\/\/3r-prev.com\/gba\/wp-json\/wp\/v2\/media?parent=16142"}],"wp:term":[{"taxonomy":"product_cat","embeddable":true,"href":"https:\/\/3r-prev.com\/gba\/wp-json\/wp\/v2\/product_cat?post=16142"},{"taxonomy":"product_tag","embeddable":true,"href":"https:\/\/3r-prev.com\/gba\/wp-json\/wp\/v2\/product_tag?post=16142"},{"taxonomy":"exhibition","embeddable":true,"href":"https:\/\/3r-prev.com\/gba\/wp-json\/wp\/v2\/exhibition?post=16142"},{"taxonomy":"artist","embeddable":true,"href":"https:\/\/3r-prev.com\/gba\/wp-json\/wp\/v2\/artist?post=16142"}],"curies":[{"name":"wp","href":"https:\/\/api.w.org\/{rel}","templated":true}]}}