{"id":15838,"date":"2021-10-29T16:58:44","date_gmt":"2021-10-29T14:58:44","guid":{"rendered":"https:\/\/3r-prev.com\/gba\/?post_type=product&#038;p=15838"},"modified":"2024-09-27T12:42:40","modified_gmt":"2024-09-27T10:42:40","slug":"nicolas-de-crecy-visa-transit","status":"publish","type":"product","link":"https:\/\/3r-prev.com\/gba\/produit\/nicolas-de-crecy-visa-transit\/","title":{"rendered":"NICOLAS DE CR\u00c9CY &#8211; VISA TRANSIT"},"content":{"rendered":"<p><em>\u00c0 l\u2019\u00e9t\u00e9 1986, quelques mois apr\u00e8s l\u2019accident nucl\u00e9aire de Tchernobyl, Nicolas de Cr\u00e9cy et son cousin ont \u00e0 peine vingt ans quand ils r\u00e9cup\u00e8rent une Citr\u00f6en Visa moribonde. Ils remplissent la voiture de livres, qu\u2019ils ne liront pas, ajoutent deux sacs de couchage, des cigarettes&#8230; et embarquent pour un voyage qui n\u2019a pas de destination, mais qui doit les mener le plus loin possible. Ils traversent le nord de l\u2019Italie, la Yougoslavie, la Bulgarie et descendent en Turquie, dans un p\u00e9riple qui les confronte au monde autant qu\u2019\u00e0 eux-m\u00eames.\u00a0<\/em><em>Pr\u00e8s de trente ans plus tard, Nicolas de Cr\u00e9cy remonte le fil de sa m\u00e9moire pour emmener le lecteur avec lui dans ce voyage initiatique. Il livre ainsi son r\u00e9cit le plus personnel, avec honn\u00eatet\u00e9, profondeur et une pointe d\u2019humour. Sortant pour la premi\u00e8re fois des univers imaginaires qui avaient sa pr\u00e9f\u00e9rence, il s&rsquo;autorise une plong\u00e9e dans son enfance et dans ses premi\u00e8res exp\u00e9riences d\u2019artiste et de voyageur<\/em><\/p>\n<p>&nbsp;<\/p>\n<p>Cet album regroupe les 3 tomes de <em>Visa Transit<\/em> parus aux \u00e9ditions Gallimard dans une \u00e9dition de luxe en tirage limit\u00e9 num\u00e9rot\u00e9 \u00e0 270 exemplaires assortis d&rsquo;une digigraphie num\u00e9rot\u00e9e et sign\u00e9e par l&rsquo;artiste.<\/p>\n<p>Elle comporte une couverture in\u00e9dite ainsi que des pages additionnelles d&rsquo;entretiens, de dessins et de croquis.<\/p>\n<p>&nbsp;<\/p>\n<p>Parution \u00e0 l&rsquo;occasion de l&rsquo;exposition <em>Visa Transit<\/em> de Nicolas de Cr\u00e9cy, pr\u00e9sent\u00e9e \u00e0 la galerie Barbier du 10 novembre au 11 d\u00e9cembre 2021<\/p>\n<p>&nbsp;<\/p>\n<p>448 pages.<\/p>\n<p>Papier Munken Pure 130g.<\/p>\n<p>22,5 x 30 cm.<\/p>\n<p>ISBN 9782919243556<\/p>\n<p>En vente uniquement \u00e0 la galerie Barbier<\/p>\n<p>&nbsp;<\/p>\n<p>DISPONIBLE \u00c0 PARTIR DU 9 NOVEMBRE \/ PR\u00c9COMMANDE UNIQUEMENT.<\/p>\n","protected":false},"excerpt":{"rendered":"<p>\u00c0 l\u2019\u00e9t\u00e9 1986, quelques mois apr\u00e8s l\u2019accident nucl\u00e9aire de Tchernobyl, Nicolas de Cr\u00e9cy et son cousin ont \u00e0 peine vingt ans quand ils r\u00e9cup\u00e8rent une Citr\u00f6en Visa moribonde. Ils remplissent<\/p>\n","protected":false},"featured_media":41274,"template":"","meta":{"_acf_changed":false},"product_cat":[19],"product_tag":[],"exhibition":[203],"artist":[64],"class_list":{"0":"post-15838","1":"product","2":"type-product","3":"status-publish","4":"has-post-thumbnail","6":"product_cat-livres","7":"exhibition-visa-transit","8":"artist-nicolas-de-crecy","10":"first","11":"outofstock","12":"shipping-taxable","13":"purchasable","14":"product-type-simple"},"acf":[],"_links":{"self":[{"href":"https:\/\/3r-prev.com\/gba\/wp-json\/wp\/v2\/product\/15838","targetHints":{"allow":["GET"]}}],"collection":[{"href":"https:\/\/3r-prev.com\/gba\/wp-json\/wp\/v2\/product"}],"about":[{"href":"https:\/\/3r-prev.com\/gba\/wp-json\/wp\/v2\/types\/product"}],"wp:featuredmedia":[{"embeddable":true,"href":"https:\/\/3r-prev.com\/gba\/wp-json\/wp\/v2\/media\/41274"}],"wp:attachment":[{"href":"https:\/\/3r-prev.com\/gba\/wp-json\/wp\/v2\/media?parent=15838"}],"wp:term":[{"taxonomy":"product_cat","embeddable":true,"href":"https:\/\/3r-prev.com\/gba\/wp-json\/wp\/v2\/product_cat?post=15838"},{"taxonomy":"product_tag","embeddable":true,"href":"https:\/\/3r-prev.com\/gba\/wp-json\/wp\/v2\/product_tag?post=15838"},{"taxonomy":"exhibition","embeddable":true,"href":"https:\/\/3r-prev.com\/gba\/wp-json\/wp\/v2\/exhibition?post=15838"},{"taxonomy":"artist","embeddable":true,"href":"https:\/\/3r-prev.com\/gba\/wp-json\/wp\/v2\/artist?post=15838"}],"curies":[{"name":"wp","href":"https:\/\/api.w.org\/{rel}","templated":true}]}}

NICOLAS DE CRÉCY &#8211; VISA TRANSIT

<p><em>À l’été 1986, quelques mois après l’accident nucléaire de Tchernobyl, Nicolas de Crécy et son cousin ont à peine vingt ans quand ils récupèrent une Citröen Visa moribonde. Ils remplissent la voiture de livres, qu’ils ne liront pas, ajoutent deux sacs de couchage, des cigarettes&#8230; et embarquent pour un voyage qui n’a pas de destination, mais qui doit les mener le plus loin possible. Ils traversent le nord de l’Italie, la Yougoslavie, la Bulgarie et descendent en Turquie, dans un périple qui les confronte au monde autant qu’à eux-mêmes. </em><em>Près de trente ans plus tard, Nicolas de Crécy remonte le fil de sa mémoire pour emmener le lecteur avec lui dans ce voyage initiatique. Il livre ainsi son récit le plus personnel, avec honnêteté, profondeur et une pointe d’humour. Sortant pour la première fois des univers imaginaires qui avaient sa préférence, il s&rsquo;autorise une plongée dans son enfance et dans ses premières expériences d’artiste et de voyageur</em></p>
<p>&nbsp;</p>
<p>Cet album regroupe les 3 tomes de <em>Visa Transit</em> parus aux éditions Gallimard dans une édition de luxe en tirage limité numéroté à 270 exemplaires assortis d&rsquo;une digigraphie numérotée et signée par l&rsquo;artiste.</p>
<p>Elle comporte une couverture inédite ainsi que des pages additionnelles d&rsquo;entretiens, de dessins et de croquis.</p>
<p>&nbsp;</p>
<p>Parution à l&rsquo;occasion de l&rsquo;exposition <em>Visa Transit</em> de Nicolas de Crécy, présentée à la galerie Barbier du 10 novembre au 11 décembre 2021</p>
<p>&nbsp;</p>
<p>448 pages.</p>
<p>Papier Munken Pure 130g.</p>
<p>22,5 x 30 cm.</p>
<p>ISBN 9782919243556</p>
<p>En vente uniquement à la galerie Barbier</p>
<p>&nbsp;</p>
<p>DISPONIBLE À PARTIR DU 9 NOVEMBRE / PRÉCOMMANDE UNIQUEMENT.</p>

<p>À l’été 1986, quelques mois après l’accident nucléaire de Tchernobyl, Nicolas de Crécy et son cousin ont à peine vingt ans quand ils récupèrent une Citröen Visa moribonde. Ils remplissent</p>
