{"id":13493,"date":"2021-04-20T11:58:51","date_gmt":"2021-04-20T09:58:51","guid":{"rendered":"https:\/\/3r-prev.com\/gba\/?post_type=product&#038;p=13493"},"modified":"2024-09-27T12:42:32","modified_gmt":"2024-09-27T10:42:32","slug":"francis-stevens-le-coffret-des-abimes","status":"publish","type":"product","link":"https:\/\/3r-prev.com\/gba\/produit\/francis-stevens-le-coffret-des-abimes\/","title":{"rendered":"FRANCIS STEVENS &#8211; Le coffret des ab\u00eemes"},"content":{"rendered":"<p><em>Le coffret des ab\u00eemes<\/em> &#8211; Francis Stevens<\/p>\n<p>\u00c9ditions Marie Barbier, 2019<\/p>\n<p>ISBN : 9782956119340<\/p>\n<p>12,5 x 19,5 cm<\/p>\n<p>168 pages<\/p>\n<p>&nbsp;<\/p>\n<p>Couverture originale in\u00e9dite d&rsquo;Enki Bilal<\/p>\n<p>&nbsp;<\/p>\n<p>Roman in\u00e9dit en fran\u00e7ais de Francis Stevens (1883-1948), \u00ab\u00a0premi\u00e8re grande femme \u00e9crivain de fantasy et de science-fiction aux \u00c9tats-Unis\u00a0\u00bb. Traduit de l&rsquo;am\u00e9ricain et pr\u00e9sent\u00e9 par Michel Pagel.<\/p>\n","protected":false},"excerpt":{"rendered":"<p>Le coffret des ab\u00eemes &#8211; Francis Stevens \u00c9ditions Marie Barbier, 2019 ISBN : 9782956119340 12,5 x 19,5 cm 168 pages &nbsp; Couverture originale in\u00e9dite d&rsquo;Enki Bilal &nbsp; Roman in\u00e9dit en<\/p>\n","protected":false},"featured_media":41248,"template":"","meta":{"_acf_changed":false},"product_cat":[19],"product_tag":[],"exhibition":[],"artist":[50],"class_list":{"0":"post-13493","1":"product","2":"type-product","3":"status-publish","4":"has-post-thumbnail","6":"product_cat-livres","7":"artist-enki-bilal","9":"first","10":"instock","11":"shipping-taxable","12":"purchasable","13":"product-type-simple"},"acf":[],"_links":{"self":[{"href":"https:\/\/3r-prev.com\/gba\/wp-json\/wp\/v2\/product\/13493","targetHints":{"allow":["GET"]}}],"collection":[{"href":"https:\/\/3r-prev.com\/gba\/wp-json\/wp\/v2\/product"}],"about":[{"href":"https:\/\/3r-prev.com\/gba\/wp-json\/wp\/v2\/types\/product"}],"wp:featuredmedia":[{"embeddable":true,"href":"https:\/\/3r-prev.com\/gba\/wp-json\/wp\/v2\/media\/41248"}],"wp:attachment":[{"href":"https:\/\/3r-prev.com\/gba\/wp-json\/wp\/v2\/media?parent=13493"}],"wp:term":[{"taxonomy":"product_cat","embeddable":true,"href":"https:\/\/3r-prev.com\/gba\/wp-json\/wp\/v2\/product_cat?post=13493"},{"taxonomy":"product_tag","embeddable":true,"href":"https:\/\/3r-prev.com\/gba\/wp-json\/wp\/v2\/product_tag?post=13493"},{"taxonomy":"exhibition","embeddable":true,"href":"https:\/\/3r-prev.com\/gba\/wp-json\/wp\/v2\/exhibition?post=13493"},{"taxonomy":"artist","embeddable":true,"href":"https:\/\/3r-prev.com\/gba\/wp-json\/wp\/v2\/artist?post=13493"}],"curies":[{"name":"wp","href":"https:\/\/api.w.org\/{rel}","templated":true}]}}

FRANCIS STEVENS &#8211; Le coffret des abîmes

<p><em>Le coffret des abîmes</em> &#8211; Francis Stevens</p>
<p>Éditions Marie Barbier, 2019</p>
<p>ISBN : 9782956119340</p>
<p>12,5 x 19,5 cm</p>
<p>168 pages</p>
<p>&nbsp;</p>
<p>Couverture originale inédite d&rsquo;Enki Bilal</p>
<p>&nbsp;</p>
<p>Roman inédit en français de Francis Stevens (1883-1948), « première grande femme écrivain de fantasy et de science-fiction aux États-Unis ». Traduit de l&rsquo;américain et présenté par Michel Pagel.</p>

<p>Le coffret des abîmes &#8211; Francis Stevens Éditions Marie Barbier, 2019 ISBN : 9782956119340 12,5 x 19,5 cm 168 pages &nbsp; Couverture originale inédite d&rsquo;Enki Bilal &nbsp; Roman inédit en</p>
