{"id":10600,"date":"2021-01-20T16:53:15","date_gmt":"2021-01-20T15:53:15","guid":{"rendered":"https:\/\/3r-prev.com\/gba\/?post_type=product&#038;p=10600"},"modified":"2024-09-27T12:42:29","modified_gmt":"2024-09-27T10:42:29","slug":"estampe-yragael-60-x-93-cm","status":"publish","type":"product","link":"https:\/\/3r-prev.com\/gba\/produit\/estampe-yragael-60-x-93-cm\/","title":{"rendered":"PHILIPPE DRUILLET &#8211; Estampe 60 x 93 cm &#8211; Yraga\u00ebl"},"content":{"rendered":"<p><em><strong>Yraga\u00ebl<\/strong><\/em><br \/>\nEstampe num\u00e9rique, impression pigmentaire sur papier Canson Arches v\u00e9lin Museum 315 grammes<\/p>\n<p>Format 60 x 93\u00a0cm<br \/>\nLimit\u00e9 \u00e0 30 exemplaires, num\u00e9rot\u00e9s et sign\u00e9s<\/p>\n","protected":false},"excerpt":{"rendered":"<p>Yraga\u00ebl Estampe num\u00e9rique, impression pigmentaire sur papier Canson Arches v\u00e9lin Museum 315 grammes Format 60 x 93\u00a0cm Limit\u00e9 \u00e0 30 exemplaires, num\u00e9rot\u00e9s et sign\u00e9s<\/p>\n","protected":false},"featured_media":41235,"template":"","meta":{"_acf_changed":false},"product_cat":[20],"product_tag":[],"exhibition":[70],"artist":[38],"class_list":{"0":"post-10600","1":"product","2":"type-product","3":"status-publish","4":"has-post-thumbnail","6":"product_cat-tirages-dart","7":"exhibition-explorations","8":"artist-philippe-druillet","10":"first","11":"outofstock","12":"shipping-taxable","13":"purchasable","14":"product-type-simple"},"acf":[],"_links":{"self":[{"href":"https:\/\/3r-prev.com\/gba\/wp-json\/wp\/v2\/product\/10600","targetHints":{"allow":["GET"]}}],"collection":[{"href":"https:\/\/3r-prev.com\/gba\/wp-json\/wp\/v2\/product"}],"about":[{"href":"https:\/\/3r-prev.com\/gba\/wp-json\/wp\/v2\/types\/product"}],"wp:featuredmedia":[{"embeddable":true,"href":"https:\/\/3r-prev.com\/gba\/wp-json\/wp\/v2\/media\/41235"}],"wp:attachment":[{"href":"https:\/\/3r-prev.com\/gba\/wp-json\/wp\/v2\/media?parent=10600"}],"wp:term":[{"taxonomy":"product_cat","embeddable":true,"href":"https:\/\/3r-prev.com\/gba\/wp-json\/wp\/v2\/product_cat?post=10600"},{"taxonomy":"product_tag","embeddable":true,"href":"https:\/\/3r-prev.com\/gba\/wp-json\/wp\/v2\/product_tag?post=10600"},{"taxonomy":"exhibition","embeddable":true,"href":"https:\/\/3r-prev.com\/gba\/wp-json\/wp\/v2\/exhibition?post=10600"},{"taxonomy":"artist","embeddable":true,"href":"https:\/\/3r-prev.com\/gba\/wp-json\/wp\/v2\/artist?post=10600"}],"curies":[{"name":"wp","href":"https:\/\/api.w.org\/{rel}","templated":true}]}}