{"id":10584,"date":"2021-01-20T16:29:27","date_gmt":"2021-01-20T15:29:27","guid":{"rendered":"https:\/\/3r-prev.com\/gba\/?post_type=product&#038;p=10584"},"modified":"2024-09-27T12:42:26","modified_gmt":"2024-09-27T10:42:26","slug":"integrale-gus","status":"publish","type":"product","link":"https:\/\/3r-prev.com\/gba\/produit\/integrale-gus\/","title":{"rendered":"CHRISTOPHE BLAIN &#8211; Tirage de luxe &#8211; int\u00e9grale GUS"},"content":{"rendered":"<p>Edit\u00e9 par Barbier &amp; Mathon<\/p>\n<p>&nbsp;<\/p>\n<p>\u00c0 l\u2019occasion de l\u2019exposition Gus de Christophe Blain du 4 mai au 9 juin 2018<\/p>\n<p>&nbsp;<\/p>\n<p>Tirage limit\u00e9 \u00e0 350 exemplaires num\u00e9rot\u00e9s, chacun accompagn\u00e9 d\u2019un ex-libris in\u00e9dit, num\u00e9rot\u00e9 et sign\u00e9 par l\u2019artiste. Ouvrages initialements parus aux \u00e9ditions Dargaud, cette \u00e9dition est augment\u00e9e de 30 pages de dessins in\u00e9dits. En vente exclusivement \u00e0 la galerie Barbier &amp; Mathon.<\/p>\n<p>&nbsp;<\/p>\n<p>Parution mai 2018<br \/>\nISBN\u2009: 978-2-919243-21-1<\/p>\n<p>&nbsp;<\/p>\n<p>24 x 30\u00a0cm<br \/>\nCouverture rigide<\/p>\n","protected":false},"excerpt":{"rendered":"<p>Edit\u00e9 par Barbier &amp; Mathon &nbsp; \u00c0 l\u2019occasion de l\u2019exposition Gus de Christophe Blain du 4 mai au 9 juin 2018 &nbsp; Tirage limit\u00e9 \u00e0 350 exemplaires num\u00e9rot\u00e9s, chacun accompagn\u00e9<\/p>\n","protected":false},"featured_media":41224,"template":"","meta":{"_acf_changed":false},"product_cat":[19],"product_tag":[],"exhibition":[112],"artist":[53],"class_list":{"0":"post-10584","1":"product","2":"type-product","3":"status-publish","4":"has-post-thumbnail","6":"product_cat-livres","7":"exhibition-gus","8":"artist-christophe-blain","10":"first","11":"outofstock","12":"shipping-taxable","13":"purchasable","14":"product-type-simple"},"acf":[],"_links":{"self":[{"href":"https:\/\/3r-prev.com\/gba\/wp-json\/wp\/v2\/product\/10584","targetHints":{"allow":["GET"]}}],"collection":[{"href":"https:\/\/3r-prev.com\/gba\/wp-json\/wp\/v2\/product"}],"about":[{"href":"https:\/\/3r-prev.com\/gba\/wp-json\/wp\/v2\/types\/product"}],"wp:featuredmedia":[{"embeddable":true,"href":"https:\/\/3r-prev.com\/gba\/wp-json\/wp\/v2\/media\/41224"}],"wp:attachment":[{"href":"https:\/\/3r-prev.com\/gba\/wp-json\/wp\/v2\/media?parent=10584"}],"wp:term":[{"taxonomy":"product_cat","embeddable":true,"href":"https:\/\/3r-prev.com\/gba\/wp-json\/wp\/v2\/product_cat?post=10584"},{"taxonomy":"product_tag","embeddable":true,"href":"https:\/\/3r-prev.com\/gba\/wp-json\/wp\/v2\/product_tag?post=10584"},{"taxonomy":"exhibition","embeddable":true,"href":"https:\/\/3r-prev.com\/gba\/wp-json\/wp\/v2\/exhibition?post=10584"},{"taxonomy":"artist","embeddable":true,"href":"https:\/\/3r-prev.com\/gba\/wp-json\/wp\/v2\/artist?post=10584"}],"curies":[{"name":"wp","href":"https:\/\/api.w.org\/{rel}","templated":true}]}}